{"id":5721,"date":"2024-10-25T18:59:45","date_gmt":"2024-10-25T18:59:45","guid":{"rendered":"https:\/\/www.curalab.polimi.it\/?page_id=5721"},"modified":"2024-10-27T11:28:07","modified_gmt":"2024-10-27T11:28:07","slug":"learning-practices-of-urban-inclusion","status":"publish","type":"page","link":"https:\/\/www.curalab.polimi.it\/?page_id=5721","title":{"rendered":"Learning &#8211; Practices of Urban Inclusion"},"content":{"rendered":"\t\t<div data-elementor-type=\"wp-page\" data-elementor-id=\"5721\" class=\"elementor elementor-5721\">\n\t\t\t\t<div class=\"elementor-element elementor-element-90ce281 elementor-hidden-desktop e-flex e-con-boxed e-con e-parent\" data-id=\"90ce281\" data-element_type=\"container\" data-e-type=\"container\">\n\t\t\t\t\t<div class=\"e-con-inner\">\n\t\t\t\t<div class=\"elementor-element elementor-element-4df56ed elementor-widget__width-initial elementor-widget elementor-widget-text-editor\" data-id=\"4df56ed\" data-element_type=\"widget\" data-e-type=\"widget\" data-widget_type=\"text-editor.default\">\n\t\t\t\t<div class=\"elementor-widget-container\">\n\t\t\t\t\t\t\t\t\t<p><strong>Practices of Urban Inclusion<\/strong><\/p>\t\t\t\t\t\t\t\t<\/div>\n\t\t\t\t<\/div>\n\t\t\t\t\t<\/div>\n\t\t\t\t<\/div>\n\t\t<div class=\"elementor-element elementor-element-25b4b75 e-grid elementor-hidden-mobile elementor-hidden-laptop elementor-hidden-tablet e-con-boxed e-con e-parent\" data-id=\"25b4b75\" data-element_type=\"container\" data-e-type=\"container\">\n\t\t\t\t\t<div class=\"e-con-inner\">\n\t\t<div class=\"elementor-element elementor-element-037c637 e-flex e-con-boxed e-con e-child\" data-id=\"037c637\" data-element_type=\"container\" data-e-type=\"container\">\n\t\t\t\t\t<div class=\"e-con-inner\">\n\t\t<div class=\"elementor-element elementor-element-56c70ee e-con-full e-flex e-con e-child\" data-id=\"56c70ee\" data-element_type=\"container\" data-e-type=\"container\">\n\t\t\t\t<div class=\"elementor-element elementor-element-31040ac elementor-widget__width-initial elementor-widget elementor-widget-text-editor\" data-id=\"31040ac\" data-element_type=\"widget\" data-e-type=\"widget\" data-widget_type=\"text-editor.default\">\n\t\t\t\t<div class=\"elementor-widget-container\">\n\t\t\t\t\t\t\t\t\t<p><em>Docenti: Francesca Cognetti, Stefano Pontiggia, Lucia Caistor-Arendar, Giorgio Baracco, Paolo Grassi, Alice Ranzini, Gianfranco Orsenigo, Rossella Ferro<\/em><\/p><p><em>a.a.: 2020\/21<\/em><\/p><p><em>Corso finanziato da: Erasmus+ (Attivit\u00e0 KA203 &#8211; Strategic Partnerships for Higher Education)<\/em><\/p><p>Il corso, svoltosi tra maggio e ottobre 2021, si \u00e8 chiesto come possiamo pianificare, costruire e mettere in pratica citt\u00e0 che promuovano inclusione verso persone migranti, richiedenti asilo e rifugiate. Le esperienze vissute di migrazione, spostamento ed esilio sono infatti prospettive chiave per comprendere come gli spazi urbani possano produrre esclusione o possano contrastarla. Le attivit\u00e0, realizzate in modalit\u00e0 blended (attivit\u00e0 online e due workshop intensivi in Germania e Italia), ha avuto una natura fortemente esperienziale e sperimentale.<\/p><p>Scarica il report: <a href=\"http:\/\/www.curalab.polimi.it\/wp-content\/uploads\/2024\/10\/Practices-of-urban-inclusion.pdf\"><span style=\"color: #00ccff;\"><em><u>Practices of urban inclusion<\/u><\/em> <\/span><\/a><\/p>\t\t\t\t\t\t\t\t<\/div>\n\t\t\t\t<\/div>\n\t\t\t\t<\/div>\n\t\t\t\t\t<\/div>\n\t\t\t\t<\/div>\n\t\t<div class=\"elementor-element elementor-element-1f1e371 e-flex e-con-boxed e-con e-child\" data-id=\"1f1e371\" data-element_type=\"container\" data-e-type=\"container\">\n\t\t\t\t\t<div class=\"e-con-inner\">\n\t\t\t\t<div class=\"elementor-element elementor-element-7abe858 elementor-widget__width-initial elementor-widget elementor-widget-image\" data-id=\"7abe858\" data-element_type=\"widget\" data-e-type=\"widget\" data-widget_type=\"image.default\">\n\t\t\t\t<div class=\"elementor-widget-container\">\n\t\t\t\t\t\t\t\t\t\t\t\t\t\t\t<img fetchpriority=\"high\" decoding=\"async\" width=\"1024\" height=\"768\" src=\"https:\/\/www.curalab.polimi.it\/wp-content\/uploads\/2024\/10\/Luisa-Durrer-1.jpg\" class=\"attachment-full size-full wp-image-5717\" alt=\"\" srcset=\"https:\/\/www.curalab.polimi.it\/wp-content\/uploads\/2024\/10\/Luisa-Durrer-1.jpg 1024w, https:\/\/www.curalab.polimi.it\/wp-content\/uploads\/2024\/10\/Luisa-Durrer-1-300x225.jpg 300w, https:\/\/www.curalab.polimi.it\/wp-content\/uploads\/2024\/10\/Luisa-Durrer-1-768x576.jpg 768w\" sizes=\"(max-width: 709px) 85vw, (max-width: 909px) 67vw, (max-width: 1362px) 62vw, 840px\" \/>\t\t\t\t\t\t\t\t\t\t\t\t\t\t\t<\/div>\n\t\t\t\t<\/div>\n\t\t\t\t\t<\/div>\n\t\t\t\t<\/div>\n\t\t\t\t\t<\/div>\n\t\t\t\t<\/div>\n\t\t<div class=\"elementor-element elementor-element-e603802 elementor-hidden-desktop e-flex e-con-boxed e-con e-parent\" data-id=\"e603802\" data-element_type=\"container\" data-e-type=\"container\">\n\t\t\t\t\t<div class=\"e-con-inner\">\n\t\t\t\t<div class=\"elementor-element elementor-element-aa6141a elementor-widget__width-initial elementor-widget elementor-widget-text-editor\" data-id=\"aa6141a\" data-element_type=\"widget\" data-e-type=\"widget\" data-widget_type=\"text-editor.default\">\n\t\t\t\t<div class=\"elementor-widget-container\">\n\t\t\t\t\t\t\t\t\t<p><em>Docenti: Francesca Cognetti, Stefano Pontiggia, Lucia Caistor-Arendar, Giorgio Baracco, Paolo Grassi, Alice Ranzini, Gianfranco Orsenigo, Rossella Ferro<\/em><\/p><p><em>a.a.: 2020\/21<\/em><\/p><p><em>Corso finanziato da: Erasmus+ (Attivit\u00e0 KA203 &#8211; Strategic Partnerships for Higher Education)<\/em><\/p><p>Il corso, svoltosi tra maggio e ottobre 2021, si \u00e8 chiesto come possiamo pianificare, costruire e mettere in pratica citt\u00e0 che promuovano inclusione verso persone migranti, richiedenti asilo e rifugiate. Le esperienze vissute di migrazione, spostamento ed esilio sono infatti prospettive chiave per comprendere come gli spazi urbani possano produrre esclusione o possano contrastarla. Le attivit\u00e0, realizzate in modalit\u00e0 blended (attivit\u00e0 online e due workshop intensivi in Germania e Italia), ha avuto una natura fortemente esperienziale e sperimentale.<\/p><p>Scarica il report: <span style=\"color: #00ccff;\"><em><u><a href=\"http:\/\/www.curalab.polimi.it\/wp-content\/uploads\/2024\/10\/Practices-of-urban-inclusion.pdf\">Practices of urban inclusion<\/a><\/u><\/em> <\/span><\/p>\t\t\t\t\t\t\t\t<\/div>\n\t\t\t\t<\/div>\n\t\t\t\t<div class=\"elementor-element elementor-element-c7e042f elementor-widget__width-initial elementor-widget elementor-widget-image\" data-id=\"c7e042f\" data-element_type=\"widget\" data-e-type=\"widget\" data-widget_type=\"image.default\">\n\t\t\t\t<div class=\"elementor-widget-container\">\n\t\t\t\t\t\t\t\t\t\t\t\t\t\t\t<img fetchpriority=\"high\" decoding=\"async\" width=\"1024\" height=\"768\" src=\"https:\/\/www.curalab.polimi.it\/wp-content\/uploads\/2024\/10\/Luisa-Durrer-1.jpg\" class=\"attachment-full size-full wp-image-5717\" alt=\"\" srcset=\"https:\/\/www.curalab.polimi.it\/wp-content\/uploads\/2024\/10\/Luisa-Durrer-1.jpg 1024w, https:\/\/www.curalab.polimi.it\/wp-content\/uploads\/2024\/10\/Luisa-Durrer-1-300x225.jpg 300w, https:\/\/www.curalab.polimi.it\/wp-content\/uploads\/2024\/10\/Luisa-Durrer-1-768x576.jpg 768w\" sizes=\"(max-width: 709px) 85vw, (max-width: 909px) 67vw, (max-width: 1362px) 62vw, 840px\" \/>\t\t\t\t\t\t\t\t\t\t\t\t\t\t\t<\/div>\n\t\t\t\t<\/div>\n\t\t\t\t<div class=\"elementor-element elementor-element-bf961dc elementor-widget__width-initial elementor-widget elementor-widget-text-editor\" data-id=\"bf961dc\" data-element_type=\"widget\" data-e-type=\"widget\" data-widget_type=\"text-editor.default\">\n\t\t\t\t<div class=\"elementor-widget-container\">\n\t\t\t\t\t\t\t\t\t<p style=\"text-align: center;\">Copyright Luisa Durrer<\/p>\t\t\t\t\t\t\t\t<\/div>\n\t\t\t\t<\/div>\n\t\t\t\t\t<\/div>\n\t\t\t\t<\/div>\n\t\t\t\t<\/div>\n\t\t","protected":false},"excerpt":{"rendered":"<p>Practices of Urban Inclusion Docenti: Francesca Cognetti, Stefano Pontiggia, Lucia Caistor-Arendar, Giorgio Baracco, Paolo Grassi, Alice Ranzini, Gianfranco Orsenigo, Rossella Ferro a.a.: 2020\/21 Corso finanziato da: Erasmus+ (Attivit\u00e0 KA203 &#8211; Strategic Partnerships for Higher Education) Il corso, svoltosi tra maggio e ottobre 2021, si \u00e8 chiesto come possiamo pianificare, costruire e mettere in pratica citt\u00e0 &hellip; <a href=\"https:\/\/www.curalab.polimi.it\/?page_id=5721\" class=\"more-link\">Continue reading<span class=\"screen-reader-text\"> &#8220;Learning &#8211; Practices of Urban Inclusion&#8221;<\/span><\/a><\/p>\n","protected":false},"author":12,"featured_media":0,"parent":0,"menu_order":0,"comment_status":"closed","ping_status":"closed","template":"elementor_header_footer","meta":{"footnotes":""},"class_list":["post-5721","page","type-page","status-publish","hentry"],"yoast_head":"<!-- This site is optimized with the Yoast SEO plugin v27.4 - https:\/\/yoast.com\/product\/yoast-seo-wordpress\/ -->\n<title>Learning - Practices of Urban Inclusion - CURA Lab<\/title>\n<meta name=\"robots\" content=\"index, follow, max-snippet:-1, max-image-preview:large, max-video-preview:-1\" \/>\n<link rel=\"canonical\" href=\"https:\/\/www.curalab.polimi.it\/?page_id=5721\" \/>\n<meta property=\"og:locale\" content=\"en_US\" \/>\n<meta property=\"og:type\" content=\"article\" \/>\n<meta property=\"og:title\" content=\"Learning - Practices of Urban Inclusion - CURA Lab\" \/>\n<meta property=\"og:description\" content=\"Practices of Urban Inclusion Docenti: Francesca Cognetti, Stefano Pontiggia, Lucia Caistor-Arendar, Giorgio Baracco, Paolo Grassi, Alice Ranzini, Gianfranco Orsenigo, Rossella Ferro a.a.: 2020\/21 Corso finanziato da: Erasmus+ (Attivit\u00e0 KA203 &#8211; Strategic Partnerships for Higher Education) Il corso, svoltosi tra maggio e ottobre 2021, si \u00e8 chiesto come possiamo pianificare, costruire e mettere in pratica citt\u00e0 &hellip; Continue reading &quot;Learning &#8211; Practices of Urban Inclusion&quot;\" \/>\n<meta property=\"og:url\" content=\"https:\/\/www.curalab.polimi.it\/?page_id=5721\" \/>\n<meta property=\"og:site_name\" content=\"CURA Lab\" \/>\n<meta property=\"article:modified_time\" content=\"2024-10-27T11:28:07+00:00\" \/>\n<meta property=\"og:image\" content=\"http:\/\/www.curalab.polimi.it\/wp-content\/uploads\/2024\/10\/Luisa-Durrer-1.jpg\" \/>\n<meta name=\"twitter:card\" content=\"summary_large_image\" \/>\n<meta name=\"twitter:label1\" content=\"Est. reading time\" \/>\n\t<meta name=\"twitter:data1\" content=\"2 minutes\" \/>\n<script type=\"application\/ld+json\" class=\"yoast-schema-graph\">{\"@context\":\"https:\\\/\\\/schema.org\",\"@graph\":[{\"@type\":\"WebPage\",\"@id\":\"https:\\\/\\\/www.curalab.polimi.it\\\/?page_id=5721\",\"url\":\"https:\\\/\\\/www.curalab.polimi.it\\\/?page_id=5721\",\"name\":\"Learning - Practices of Urban Inclusion - CURA Lab\",\"isPartOf\":{\"@id\":\"https:\\\/\\\/www.curalab.polimi.it\\\/#website\"},\"primaryImageOfPage\":{\"@id\":\"https:\\\/\\\/www.curalab.polimi.it\\\/?page_id=5721#primaryimage\"},\"image\":{\"@id\":\"https:\\\/\\\/www.curalab.polimi.it\\\/?page_id=5721#primaryimage\"},\"thumbnailUrl\":\"http:\\\/\\\/www.curalab.polimi.it\\\/wp-content\\\/uploads\\\/2024\\\/10\\\/Luisa-Durrer-1.jpg\",\"datePublished\":\"2024-10-25T18:59:45+00:00\",\"dateModified\":\"2024-10-27T11:28:07+00:00\",\"breadcrumb\":{\"@id\":\"https:\\\/\\\/www.curalab.polimi.it\\\/?page_id=5721#breadcrumb\"},\"inLanguage\":\"en-US\",\"potentialAction\":[{\"@type\":\"ReadAction\",\"target\":[\"https:\\\/\\\/www.curalab.polimi.it\\\/?page_id=5721\"]}]},{\"@type\":\"ImageObject\",\"inLanguage\":\"en-US\",\"@id\":\"https:\\\/\\\/www.curalab.polimi.it\\\/?page_id=5721#primaryimage\",\"url\":\"http:\\\/\\\/www.curalab.polimi.it\\\/wp-content\\\/uploads\\\/2024\\\/10\\\/Luisa-Durrer-1.jpg\",\"contentUrl\":\"http:\\\/\\\/www.curalab.polimi.it\\\/wp-content\\\/uploads\\\/2024\\\/10\\\/Luisa-Durrer-1.jpg\"},{\"@type\":\"BreadcrumbList\",\"@id\":\"https:\\\/\\\/www.curalab.polimi.it\\\/?page_id=5721#breadcrumb\",\"itemListElement\":[{\"@type\":\"ListItem\",\"position\":1,\"name\":\"Home\",\"item\":\"https:\\\/\\\/www.curalab.polimi.it\\\/\"},{\"@type\":\"ListItem\",\"position\":2,\"name\":\"Learning &#8211; Practices of Urban Inclusion\"}]},{\"@type\":\"WebSite\",\"@id\":\"https:\\\/\\\/www.curalab.polimi.it\\\/#website\",\"url\":\"https:\\\/\\\/www.curalab.polimi.it\\\/\",\"name\":\"CURA Lab\",\"description\":\"Dipartimento di Architettura e Studi Urbani, Politecnico di Milano -                           Dipartimento di Scienze Umane per la Formazione &quot;Riccardo Massa&quot;,           Universit\u00e0 degli Studi di Milano Bicocca\",\"publisher\":{\"@id\":\"https:\\\/\\\/www.curalab.polimi.it\\\/#organization\"},\"potentialAction\":[{\"@type\":\"SearchAction\",\"target\":{\"@type\":\"EntryPoint\",\"urlTemplate\":\"https:\\\/\\\/www.curalab.polimi.it\\\/?s={search_term_string}\"},\"query-input\":{\"@type\":\"PropertyValueSpecification\",\"valueRequired\":true,\"valueName\":\"search_term_string\"}}],\"inLanguage\":\"en-US\"},{\"@type\":\"Organization\",\"@id\":\"https:\\\/\\\/www.curalab.polimi.it\\\/#organization\",\"name\":\"CURA Lab\",\"url\":\"https:\\\/\\\/www.curalab.polimi.it\\\/\",\"logo\":{\"@type\":\"ImageObject\",\"inLanguage\":\"en-US\",\"@id\":\"https:\\\/\\\/www.curalab.polimi.it\\\/#\\\/schema\\\/logo\\\/image\\\/\",\"url\":\"https:\\\/\\\/www.curalab.polimi.it\\\/wp-content\\\/uploads\\\/2024\\\/07\\\/cropped-logocuralab2.png\",\"contentUrl\":\"https:\\\/\\\/www.curalab.polimi.it\\\/wp-content\\\/uploads\\\/2024\\\/07\\\/cropped-logocuralab2.png\",\"width\":240,\"height\":112,\"caption\":\"CURA Lab\"},\"image\":{\"@id\":\"https:\\\/\\\/www.curalab.polimi.it\\\/#\\\/schema\\\/logo\\\/image\\\/\"}}]}<\/script>\n<!-- \/ Yoast SEO plugin. -->","yoast_head_json":{"title":"Learning - Practices of Urban Inclusion - CURA Lab","robots":{"index":"index","follow":"follow","max-snippet":"max-snippet:-1","max-image-preview":"max-image-preview:large","max-video-preview":"max-video-preview:-1"},"canonical":"https:\/\/www.curalab.polimi.it\/?page_id=5721","og_locale":"en_US","og_type":"article","og_title":"Learning - Practices of Urban Inclusion - CURA Lab","og_description":"Practices of Urban Inclusion Docenti: Francesca Cognetti, Stefano Pontiggia, Lucia Caistor-Arendar, Giorgio Baracco, Paolo Grassi, Alice Ranzini, Gianfranco Orsenigo, Rossella Ferro a.a.: 2020\/21 Corso finanziato da: Erasmus+ (Attivit\u00e0 KA203 &#8211; Strategic Partnerships for Higher Education) Il corso, svoltosi tra maggio e ottobre 2021, si \u00e8 chiesto come possiamo pianificare, costruire e mettere in pratica citt\u00e0 &hellip; Continue reading \"Learning &#8211; Practices of Urban Inclusion\"","og_url":"https:\/\/www.curalab.polimi.it\/?page_id=5721","og_site_name":"CURA Lab","article_modified_time":"2024-10-27T11:28:07+00:00","og_image":[{"url":"http:\/\/www.curalab.polimi.it\/wp-content\/uploads\/2024\/10\/Luisa-Durrer-1.jpg","type":"","width":"","height":""}],"twitter_card":"summary_large_image","twitter_misc":{"Est. reading time":"2 minutes"},"schema":{"@context":"https:\/\/schema.org","@graph":[{"@type":"WebPage","@id":"https:\/\/www.curalab.polimi.it\/?page_id=5721","url":"https:\/\/www.curalab.polimi.it\/?page_id=5721","name":"Learning - Practices of Urban Inclusion - CURA Lab","isPartOf":{"@id":"https:\/\/www.curalab.polimi.it\/#website"},"primaryImageOfPage":{"@id":"https:\/\/www.curalab.polimi.it\/?page_id=5721#primaryimage"},"image":{"@id":"https:\/\/www.curalab.polimi.it\/?page_id=5721#primaryimage"},"thumbnailUrl":"http:\/\/www.curalab.polimi.it\/wp-content\/uploads\/2024\/10\/Luisa-Durrer-1.jpg","datePublished":"2024-10-25T18:59:45+00:00","dateModified":"2024-10-27T11:28:07+00:00","breadcrumb":{"@id":"https:\/\/www.curalab.polimi.it\/?page_id=5721#breadcrumb"},"inLanguage":"en-US","potentialAction":[{"@type":"ReadAction","target":["https:\/\/www.curalab.polimi.it\/?page_id=5721"]}]},{"@type":"ImageObject","inLanguage":"en-US","@id":"https:\/\/www.curalab.polimi.it\/?page_id=5721#primaryimage","url":"http:\/\/www.curalab.polimi.it\/wp-content\/uploads\/2024\/10\/Luisa-Durrer-1.jpg","contentUrl":"http:\/\/www.curalab.polimi.it\/wp-content\/uploads\/2024\/10\/Luisa-Durrer-1.jpg"},{"@type":"BreadcrumbList","@id":"https:\/\/www.curalab.polimi.it\/?page_id=5721#breadcrumb","itemListElement":[{"@type":"ListItem","position":1,"name":"Home","item":"https:\/\/www.curalab.polimi.it\/"},{"@type":"ListItem","position":2,"name":"Learning &#8211; Practices of Urban Inclusion"}]},{"@type":"WebSite","@id":"https:\/\/www.curalab.polimi.it\/#website","url":"https:\/\/www.curalab.polimi.it\/","name":"CURA Lab","description":"Dipartimento di Architettura e Studi Urbani, Politecnico di Milano -                           Dipartimento di Scienze Umane per la Formazione &quot;Riccardo Massa&quot;,           Universit\u00e0 degli Studi di Milano Bicocca","publisher":{"@id":"https:\/\/www.curalab.polimi.it\/#organization"},"potentialAction":[{"@type":"SearchAction","target":{"@type":"EntryPoint","urlTemplate":"https:\/\/www.curalab.polimi.it\/?s={search_term_string}"},"query-input":{"@type":"PropertyValueSpecification","valueRequired":true,"valueName":"search_term_string"}}],"inLanguage":"en-US"},{"@type":"Organization","@id":"https:\/\/www.curalab.polimi.it\/#organization","name":"CURA Lab","url":"https:\/\/www.curalab.polimi.it\/","logo":{"@type":"ImageObject","inLanguage":"en-US","@id":"https:\/\/www.curalab.polimi.it\/#\/schema\/logo\/image\/","url":"https:\/\/www.curalab.polimi.it\/wp-content\/uploads\/2024\/07\/cropped-logocuralab2.png","contentUrl":"https:\/\/www.curalab.polimi.it\/wp-content\/uploads\/2024\/07\/cropped-logocuralab2.png","width":240,"height":112,"caption":"CURA Lab"},"image":{"@id":"https:\/\/www.curalab.polimi.it\/#\/schema\/logo\/image\/"}}]}},"_links":{"self":[{"href":"https:\/\/www.curalab.polimi.it\/index.php?rest_route=\/wp\/v2\/pages\/5721","targetHints":{"allow":["GET"]}}],"collection":[{"href":"https:\/\/www.curalab.polimi.it\/index.php?rest_route=\/wp\/v2\/pages"}],"about":[{"href":"https:\/\/www.curalab.polimi.it\/index.php?rest_route=\/wp\/v2\/types\/page"}],"author":[{"embeddable":true,"href":"https:\/\/www.curalab.polimi.it\/index.php?rest_route=\/wp\/v2\/users\/12"}],"replies":[{"embeddable":true,"href":"https:\/\/www.curalab.polimi.it\/index.php?rest_route=%2Fwp%2Fv2%2Fcomments&post=5721"}],"version-history":[{"count":13,"href":"https:\/\/www.curalab.polimi.it\/index.php?rest_route=\/wp\/v2\/pages\/5721\/revisions"}],"predecessor-version":[{"id":5950,"href":"https:\/\/www.curalab.polimi.it\/index.php?rest_route=\/wp\/v2\/pages\/5721\/revisions\/5950"}],"wp:attachment":[{"href":"https:\/\/www.curalab.polimi.it\/index.php?rest_route=%2Fwp%2Fv2%2Fmedia&parent=5721"}],"curies":[{"name":"wp","href":"https:\/\/api.w.org\/{rel}","templated":true}]}}