{"id":3519,"date":"2024-07-20T19:41:56","date_gmt":"2024-07-20T19:41:56","guid":{"rendered":"https:\/\/www.curalab.polimi.it\/?page_id=3519"},"modified":"2024-09-23T19:16:35","modified_gmt":"2024-09-23T19:16:35","slug":"omg-milano-orizzonte-stadio","status":"publish","type":"page","link":"https:\/\/www.curalab.polimi.it\/?page_id=3519","title":{"rendered":"OMG! Milano &#8211; Orizzonte Stadio"},"content":{"rendered":"\t\t<div data-elementor-type=\"wp-page\" data-elementor-id=\"3519\" class=\"elementor elementor-3519\">\n\t\t\t\t<div class=\"elementor-element elementor-element-c7411b0 e-flex e-con-boxed e-con e-parent\" data-id=\"c7411b0\" data-element_type=\"container\" data-e-type=\"container\">\n\t\t\t\t\t<div class=\"e-con-inner\">\n\t\t\t\t<div class=\"elementor-element elementor-element-e43715d elementor-widget__width-initial elementor-widget elementor-widget-text-editor\" data-id=\"e43715d\" data-element_type=\"widget\" data-e-type=\"widget\" data-widget_type=\"text-editor.default\">\n\t\t\t\t<div class=\"elementor-widget-container\">\n\t\t\t\t\t\t\t\t\t<p><span style=\"color: #ebb688;\"><em>10.01.2023<\/em><\/span> | <strong>Orizzonte Stadio \u2013 Nota di campo<\/strong><\/p>\t\t\t\t\t\t\t\t<\/div>\n\t\t\t\t<\/div>\n\t\t\t\t\t<\/div>\n\t\t\t\t<\/div>\n\t\t<div class=\"elementor-element elementor-element-27d02a8 e-grid e-con-boxed e-con e-parent\" data-id=\"27d02a8\" data-element_type=\"container\" data-e-type=\"container\">\n\t\t\t\t\t<div class=\"e-con-inner\">\n\t\t<div class=\"elementor-element elementor-element-2dc8eac e-flex e-con-boxed e-con e-child\" data-id=\"2dc8eac\" data-element_type=\"container\" data-e-type=\"container\">\n\t\t\t\t\t<div class=\"e-con-inner\">\n\t\t\t\t<div class=\"elementor-element elementor-element-14ffb63 elementor-widget elementor-widget-text-editor\" data-id=\"14ffb63\" data-element_type=\"widget\" data-e-type=\"widget\" data-widget_type=\"text-editor.default\">\n\t\t\t\t<div class=\"elementor-widget-container\">\n\t\t\t\t\t\t\t\t\t<p>Nelle giornate pi\u00f9 limpide, all\u2019incrocio tra via Preneste e via Civitali, il Meazza sembra molto vicino. La rossa struttura metallica che lo ricopre, insieme a una delle torri d\u2019angolo, appaiono appena sopra i palazzoni di edilizia residenziale pubblica.<br \/>Eppure, se si inizia a camminare verso lo stadio, quella sensazione viene meno. La distanza non \u00e8 tanta, circa un chilometro e mezzo, ma appare quasi incolmabile. La rossa struttura metallica e la torre d\u2019angolo rimangono all\u2019orizzonte, mentre il paesaggio intorno si modifica progressivamente, senza soluzione di continuit\u00e0: i palazzoni lasciano spazio prima ad alcuni esercizi commerciali, lungo via Paravia, poi a edifici privati contornati da giardini curati, infine a uno slargo che sfocia nel piazzale Angelo Moratti. Solo allora lo stadio si palesa completamente, in tutta la sua imponenza, lasciandosi abbracciare dallo sguardo libero da ostacoli.<br \/>La relazione tra quartiere di edilizia popolare e stadio mi sembra rispecchiare questa descrizione. Il Meazza \u00e8 l\u00e0, cos\u00ec vicino e allo stesso tempo cos\u00ec lontano: un simbolo identitario per i residenti dell\u2019area, ma anche un gigante silenzioso parte di uno sfondo percettivo.<br \/>Oggi la temperatura \u00e8 stranamente mite. Sul piazzale antistante allo stadio diverse persone stanno allestendo bancarelle di cibo e merchandising in vista di un\u2019imminente partita. Provo a scambiare due parole con un ragazzo intento a disporre file di panini. Chiedo con fare ingenuo se abbatteranno il Meazza. Mi risponde che il Comune lo sta ripetendo da dieci anni, ma secondo lui nessuno lo far\u00e0 davvero.<br \/>Salgo su un tram per tornare indietro. Anche l\u2019autista sembra sapere poco del progetto, del dibattito pubblico avviato, del futuro di quella zona. Si chiede che senso abbia demolire per ricostruire \u201cdieci metri pi\u00f9 in l\u00e0\u201d. Poi passa a commentare il tempo atmosferico. Lo stadio diviene sfondo anche della nostra interazione.<\/p>\t\t\t\t\t\t\t\t<\/div>\n\t\t\t\t<\/div>\n\t\t\t\t\t<\/div>\n\t\t\t\t<\/div>\n\t\t<div class=\"elementor-element elementor-element-0073147 e-con-full e-flex e-con e-child\" data-id=\"0073147\" data-element_type=\"container\" data-e-type=\"container\">\n\t\t\t\t<div class=\"elementor-element elementor-element-c2b92fa elementor-widget elementor-widget-image\" data-id=\"c2b92fa\" data-element_type=\"widget\" data-e-type=\"widget\" data-widget_type=\"image.default\">\n\t\t\t\t<div class=\"elementor-widget-container\">\n\t\t\t\t\t\t\t\t\t\t\t\t\t\t\t<img fetchpriority=\"high\" decoding=\"async\" width=\"800\" height=\"600\" src=\"https:\/\/www.curalab.polimi.it\/wp-content\/uploads\/2024\/07\/Orizzonte-Stadio.jpg\" class=\"attachment-large size-large wp-image-3247\" alt=\"\" srcset=\"https:\/\/www.curalab.polimi.it\/wp-content\/uploads\/2024\/07\/Orizzonte-Stadio.jpg 800w, https:\/\/www.curalab.polimi.it\/wp-content\/uploads\/2024\/07\/Orizzonte-Stadio-300x225.jpg 300w, https:\/\/www.curalab.polimi.it\/wp-content\/uploads\/2024\/07\/Orizzonte-Stadio-768x576.jpg 768w\" sizes=\"(max-width: 800px) 85vw, 800px\" \/>\t\t\t\t\t\t\t\t\t\t\t\t\t\t\t<\/div>\n\t\t\t\t<\/div>\n\t\t\t\t<div class=\"elementor-element elementor-element-cbed4e1 elementor-widget elementor-widget-text-editor\" data-id=\"cbed4e1\" data-element_type=\"widget\" data-e-type=\"widget\" data-widget_type=\"text-editor.default\">\n\t\t\t\t<div class=\"elementor-widget-container\">\n\t\t\t\t\t\t\t\t\t<p>Mi colpisce constatare come, a discapito della narrativa dominante, le grandi trasformazioni che stanno interessando Milano avvengono e basta. Molte persone non ne conoscono i tempi e le modalit\u00e0, figuriamoci i margini di negoziazione. La partecipazione \u00e8 relegata a pochi soggetti organizzati, o a singoli individui la cui quotidianit\u00e0 \u00e8 investita con forza, pi\u00f9 di altri, da quelle progettualit\u00e0, vuoi perch\u00e9 residenti in zone limitrofe, vuoi perch\u00e9 portatori di specifici interessi. Per tutti gli altri la citt\u00e0 cambia sotto i loro occhi, grazie a una regia considerata spesso occulta.<br \/>Nel quartiere di edilizia popolare il nuovo stadio per molti interlocutori \u201cnon fa problema\u201d. E il progetto d\u2019altronde considera minimamente quella porzione di citt\u00e0 pubblica, nonostante i suoi effetti potrebbero modificarne flussi, ritmi e connessioni con il contesto metropolitano. Tuttavia, il Meazza continua a fare capolino, all\u2019incrocio tra via Preneste e via Civitali, cos\u00ec come in altri angoli del quartiere. Il fantasma della sua trasformazione aleggia sui suoi residenti, cos\u00ec imminente e contemporaneamente cos\u00ec distante, cos\u00ec lontano e cos\u00ec vicino.<\/p>\t\t\t\t\t\t\t\t<\/div>\n\t\t\t\t<\/div>\n\t\t\t\t<\/div>\n\t\t\t\t\t<\/div>\n\t\t\t\t<\/div>\n\t\t\t\t<\/div>\n\t\t","protected":false},"excerpt":{"rendered":"<p>10.01.2023 | Orizzonte Stadio \u2013 Nota di campo Nelle giornate pi\u00f9 limpide, all\u2019incrocio tra via Preneste e via Civitali, il Meazza sembra molto vicino. La rossa struttura metallica che lo ricopre, insieme a una delle torri d\u2019angolo, appaiono appena sopra i palazzoni di edilizia residenziale pubblica.Eppure, se si inizia a camminare verso lo stadio, quella &hellip; <a href=\"https:\/\/www.curalab.polimi.it\/?page_id=3519\" class=\"more-link\">Continue reading<span class=\"screen-reader-text\"> &#8220;OMG! Milano &#8211; Orizzonte Stadio&#8221;<\/span><\/a><\/p>\n","protected":false},"author":12,"featured_media":0,"parent":0,"menu_order":0,"comment_status":"closed","ping_status":"closed","template":"elementor_header_footer","meta":{"footnotes":""},"class_list":["post-3519","page","type-page","status-publish","hentry"],"yoast_head":"<!-- This site is optimized with the Yoast SEO plugin v27.4 - https:\/\/yoast.com\/product\/yoast-seo-wordpress\/ -->\n<title>OMG! Milano - Orizzonte Stadio - CURA Lab<\/title>\n<meta name=\"robots\" content=\"index, follow, max-snippet:-1, max-image-preview:large, max-video-preview:-1\" \/>\n<link rel=\"canonical\" href=\"https:\/\/www.curalab.polimi.it\/?page_id=3519\" \/>\n<meta property=\"og:locale\" content=\"en_US\" \/>\n<meta property=\"og:type\" content=\"article\" \/>\n<meta property=\"og:title\" content=\"OMG! Milano - Orizzonte Stadio - CURA Lab\" \/>\n<meta property=\"og:description\" content=\"10.01.2023 | Orizzonte Stadio \u2013 Nota di campo Nelle giornate pi\u00f9 limpide, all\u2019incrocio tra via Preneste e via Civitali, il Meazza sembra molto vicino. La rossa struttura metallica che lo ricopre, insieme a una delle torri d\u2019angolo, appaiono appena sopra i palazzoni di edilizia residenziale pubblica.Eppure, se si inizia a camminare verso lo stadio, quella &hellip; Continue reading &quot;OMG! Milano &#8211; Orizzonte Stadio&quot;\" \/>\n<meta property=\"og:url\" content=\"https:\/\/www.curalab.polimi.it\/?page_id=3519\" \/>\n<meta property=\"og:site_name\" content=\"CURA Lab\" \/>\n<meta property=\"article:modified_time\" content=\"2024-09-23T19:16:35+00:00\" \/>\n<meta property=\"og:image\" content=\"http:\/\/www.curalab.polimi.it\/wp-content\/uploads\/2024\/07\/Orizzonte-Stadio.jpg\" \/>\n<meta name=\"twitter:card\" content=\"summary_large_image\" \/>\n<meta name=\"twitter:label1\" content=\"Est. reading time\" \/>\n\t<meta name=\"twitter:data1\" content=\"3 minutes\" \/>\n<script type=\"application\/ld+json\" class=\"yoast-schema-graph\">{\"@context\":\"https:\\\/\\\/schema.org\",\"@graph\":[{\"@type\":\"WebPage\",\"@id\":\"https:\\\/\\\/www.curalab.polimi.it\\\/?page_id=3519\",\"url\":\"https:\\\/\\\/www.curalab.polimi.it\\\/?page_id=3519\",\"name\":\"OMG! Milano - Orizzonte Stadio - CURA Lab\",\"isPartOf\":{\"@id\":\"https:\\\/\\\/www.curalab.polimi.it\\\/#website\"},\"primaryImageOfPage\":{\"@id\":\"https:\\\/\\\/www.curalab.polimi.it\\\/?page_id=3519#primaryimage\"},\"image\":{\"@id\":\"https:\\\/\\\/www.curalab.polimi.it\\\/?page_id=3519#primaryimage\"},\"thumbnailUrl\":\"http:\\\/\\\/www.curalab.polimi.it\\\/wp-content\\\/uploads\\\/2024\\\/07\\\/Orizzonte-Stadio.jpg\",\"datePublished\":\"2024-07-20T19:41:56+00:00\",\"dateModified\":\"2024-09-23T19:16:35+00:00\",\"breadcrumb\":{\"@id\":\"https:\\\/\\\/www.curalab.polimi.it\\\/?page_id=3519#breadcrumb\"},\"inLanguage\":\"en-US\",\"potentialAction\":[{\"@type\":\"ReadAction\",\"target\":[\"https:\\\/\\\/www.curalab.polimi.it\\\/?page_id=3519\"]}]},{\"@type\":\"ImageObject\",\"inLanguage\":\"en-US\",\"@id\":\"https:\\\/\\\/www.curalab.polimi.it\\\/?page_id=3519#primaryimage\",\"url\":\"https:\\\/\\\/www.curalab.polimi.it\\\/wp-content\\\/uploads\\\/2024\\\/07\\\/Orizzonte-Stadio.jpg\",\"contentUrl\":\"https:\\\/\\\/www.curalab.polimi.it\\\/wp-content\\\/uploads\\\/2024\\\/07\\\/Orizzonte-Stadio.jpg\",\"width\":800,\"height\":600},{\"@type\":\"BreadcrumbList\",\"@id\":\"https:\\\/\\\/www.curalab.polimi.it\\\/?page_id=3519#breadcrumb\",\"itemListElement\":[{\"@type\":\"ListItem\",\"position\":1,\"name\":\"Home\",\"item\":\"https:\\\/\\\/www.curalab.polimi.it\\\/\"},{\"@type\":\"ListItem\",\"position\":2,\"name\":\"OMG! Milano &#8211; Orizzonte Stadio\"}]},{\"@type\":\"WebSite\",\"@id\":\"https:\\\/\\\/www.curalab.polimi.it\\\/#website\",\"url\":\"https:\\\/\\\/www.curalab.polimi.it\\\/\",\"name\":\"CURA Lab\",\"description\":\"Dipartimento di Architettura e Studi Urbani, Politecnico di Milano -                           Dipartimento di Scienze Umane per la Formazione &quot;Riccardo Massa&quot;,           Universit\u00e0 degli Studi di Milano Bicocca\",\"publisher\":{\"@id\":\"https:\\\/\\\/www.curalab.polimi.it\\\/#organization\"},\"potentialAction\":[{\"@type\":\"SearchAction\",\"target\":{\"@type\":\"EntryPoint\",\"urlTemplate\":\"https:\\\/\\\/www.curalab.polimi.it\\\/?s={search_term_string}\"},\"query-input\":{\"@type\":\"PropertyValueSpecification\",\"valueRequired\":true,\"valueName\":\"search_term_string\"}}],\"inLanguage\":\"en-US\"},{\"@type\":\"Organization\",\"@id\":\"https:\\\/\\\/www.curalab.polimi.it\\\/#organization\",\"name\":\"CURA Lab\",\"url\":\"https:\\\/\\\/www.curalab.polimi.it\\\/\",\"logo\":{\"@type\":\"ImageObject\",\"inLanguage\":\"en-US\",\"@id\":\"https:\\\/\\\/www.curalab.polimi.it\\\/#\\\/schema\\\/logo\\\/image\\\/\",\"url\":\"https:\\\/\\\/www.curalab.polimi.it\\\/wp-content\\\/uploads\\\/2024\\\/07\\\/cropped-logocuralab2.png\",\"contentUrl\":\"https:\\\/\\\/www.curalab.polimi.it\\\/wp-content\\\/uploads\\\/2024\\\/07\\\/cropped-logocuralab2.png\",\"width\":240,\"height\":112,\"caption\":\"CURA Lab\"},\"image\":{\"@id\":\"https:\\\/\\\/www.curalab.polimi.it\\\/#\\\/schema\\\/logo\\\/image\\\/\"}}]}<\/script>\n<!-- \/ Yoast SEO plugin. -->","yoast_head_json":{"title":"OMG! Milano - Orizzonte Stadio - CURA Lab","robots":{"index":"index","follow":"follow","max-snippet":"max-snippet:-1","max-image-preview":"max-image-preview:large","max-video-preview":"max-video-preview:-1"},"canonical":"https:\/\/www.curalab.polimi.it\/?page_id=3519","og_locale":"en_US","og_type":"article","og_title":"OMG! Milano - Orizzonte Stadio - CURA Lab","og_description":"10.01.2023 | Orizzonte Stadio \u2013 Nota di campo Nelle giornate pi\u00f9 limpide, all\u2019incrocio tra via Preneste e via Civitali, il Meazza sembra molto vicino. La rossa struttura metallica che lo ricopre, insieme a una delle torri d\u2019angolo, appaiono appena sopra i palazzoni di edilizia residenziale pubblica.Eppure, se si inizia a camminare verso lo stadio, quella &hellip; Continue reading \"OMG! Milano &#8211; Orizzonte Stadio\"","og_url":"https:\/\/www.curalab.polimi.it\/?page_id=3519","og_site_name":"CURA Lab","article_modified_time":"2024-09-23T19:16:35+00:00","og_image":[{"url":"http:\/\/www.curalab.polimi.it\/wp-content\/uploads\/2024\/07\/Orizzonte-Stadio.jpg","type":"","width":"","height":""}],"twitter_card":"summary_large_image","twitter_misc":{"Est. reading time":"3 minutes"},"schema":{"@context":"https:\/\/schema.org","@graph":[{"@type":"WebPage","@id":"https:\/\/www.curalab.polimi.it\/?page_id=3519","url":"https:\/\/www.curalab.polimi.it\/?page_id=3519","name":"OMG! Milano - Orizzonte Stadio - CURA Lab","isPartOf":{"@id":"https:\/\/www.curalab.polimi.it\/#website"},"primaryImageOfPage":{"@id":"https:\/\/www.curalab.polimi.it\/?page_id=3519#primaryimage"},"image":{"@id":"https:\/\/www.curalab.polimi.it\/?page_id=3519#primaryimage"},"thumbnailUrl":"http:\/\/www.curalab.polimi.it\/wp-content\/uploads\/2024\/07\/Orizzonte-Stadio.jpg","datePublished":"2024-07-20T19:41:56+00:00","dateModified":"2024-09-23T19:16:35+00:00","breadcrumb":{"@id":"https:\/\/www.curalab.polimi.it\/?page_id=3519#breadcrumb"},"inLanguage":"en-US","potentialAction":[{"@type":"ReadAction","target":["https:\/\/www.curalab.polimi.it\/?page_id=3519"]}]},{"@type":"ImageObject","inLanguage":"en-US","@id":"https:\/\/www.curalab.polimi.it\/?page_id=3519#primaryimage","url":"https:\/\/www.curalab.polimi.it\/wp-content\/uploads\/2024\/07\/Orizzonte-Stadio.jpg","contentUrl":"https:\/\/www.curalab.polimi.it\/wp-content\/uploads\/2024\/07\/Orizzonte-Stadio.jpg","width":800,"height":600},{"@type":"BreadcrumbList","@id":"https:\/\/www.curalab.polimi.it\/?page_id=3519#breadcrumb","itemListElement":[{"@type":"ListItem","position":1,"name":"Home","item":"https:\/\/www.curalab.polimi.it\/"},{"@type":"ListItem","position":2,"name":"OMG! Milano &#8211; Orizzonte Stadio"}]},{"@type":"WebSite","@id":"https:\/\/www.curalab.polimi.it\/#website","url":"https:\/\/www.curalab.polimi.it\/","name":"CURA Lab","description":"Dipartimento di Architettura e Studi Urbani, Politecnico di Milano -                           Dipartimento di Scienze Umane per la Formazione &quot;Riccardo Massa&quot;,           Universit\u00e0 degli Studi di Milano Bicocca","publisher":{"@id":"https:\/\/www.curalab.polimi.it\/#organization"},"potentialAction":[{"@type":"SearchAction","target":{"@type":"EntryPoint","urlTemplate":"https:\/\/www.curalab.polimi.it\/?s={search_term_string}"},"query-input":{"@type":"PropertyValueSpecification","valueRequired":true,"valueName":"search_term_string"}}],"inLanguage":"en-US"},{"@type":"Organization","@id":"https:\/\/www.curalab.polimi.it\/#organization","name":"CURA Lab","url":"https:\/\/www.curalab.polimi.it\/","logo":{"@type":"ImageObject","inLanguage":"en-US","@id":"https:\/\/www.curalab.polimi.it\/#\/schema\/logo\/image\/","url":"https:\/\/www.curalab.polimi.it\/wp-content\/uploads\/2024\/07\/cropped-logocuralab2.png","contentUrl":"https:\/\/www.curalab.polimi.it\/wp-content\/uploads\/2024\/07\/cropped-logocuralab2.png","width":240,"height":112,"caption":"CURA Lab"},"image":{"@id":"https:\/\/www.curalab.polimi.it\/#\/schema\/logo\/image\/"}}]}},"_links":{"self":[{"href":"https:\/\/www.curalab.polimi.it\/index.php?rest_route=\/wp\/v2\/pages\/3519","targetHints":{"allow":["GET"]}}],"collection":[{"href":"https:\/\/www.curalab.polimi.it\/index.php?rest_route=\/wp\/v2\/pages"}],"about":[{"href":"https:\/\/www.curalab.polimi.it\/index.php?rest_route=\/wp\/v2\/types\/page"}],"author":[{"embeddable":true,"href":"https:\/\/www.curalab.polimi.it\/index.php?rest_route=\/wp\/v2\/users\/12"}],"replies":[{"embeddable":true,"href":"https:\/\/www.curalab.polimi.it\/index.php?rest_route=%2Fwp%2Fv2%2Fcomments&post=3519"}],"version-history":[{"count":25,"href":"https:\/\/www.curalab.polimi.it\/index.php?rest_route=\/wp\/v2\/pages\/3519\/revisions"}],"predecessor-version":[{"id":5598,"href":"https:\/\/www.curalab.polimi.it\/index.php?rest_route=\/wp\/v2\/pages\/3519\/revisions\/5598"}],"wp:attachment":[{"href":"https:\/\/www.curalab.polimi.it\/index.php?rest_route=%2Fwp%2Fv2%2Fmedia&parent=3519"}],"curies":[{"name":"wp","href":"https:\/\/api.w.org\/{rel}","templated":true}]}}