{"id":3402,"date":"2024-07-12T06:31:50","date_gmt":"2024-07-12T06:31:50","guid":{"rendered":"https:\/\/www.curalab.polimi.it\/?page_id=3402"},"modified":"2024-09-23T19:24:48","modified_gmt":"2024-09-23T19:24:48","slug":"omg-milano-alcune-riflessioni-conclusive","status":"publish","type":"page","link":"https:\/\/www.curalab.polimi.it\/?page_id=3402","title":{"rendered":"OMG! -Milano &#8211; Alcune riflessioni conclusive"},"content":{"rendered":"\t\t<div data-elementor-type=\"wp-page\" data-elementor-id=\"3402\" class=\"elementor elementor-3402\">\n\t\t\t\t<div class=\"elementor-element elementor-element-7c7b973 e-grid e-con-boxed e-con e-parent\" data-id=\"7c7b973\" data-element_type=\"container\" data-e-type=\"container\">\n\t\t\t\t\t<div class=\"e-con-inner\">\n\t\t<div class=\"elementor-element elementor-element-2af2e1d e-flex e-con-boxed e-con e-child\" data-id=\"2af2e1d\" data-element_type=\"container\" data-e-type=\"container\">\n\t\t\t\t\t<div class=\"e-con-inner\">\n\t\t\t\t<div class=\"elementor-element elementor-element-137ad2a elementor-widget__width-initial elementor-widget elementor-widget-text-editor\" data-id=\"137ad2a\" data-element_type=\"widget\" data-e-type=\"widget\" data-widget_type=\"text-editor.default\">\n\t\t\t\t<div class=\"elementor-widget-container\">\n\t\t\t\t\t\t\t\t\t<p><span style=\"color: #ebb688;\"><em>18.01.2023<\/em><\/span> | <strong>Alcune riflessioni conclusive<\/strong><\/p>\t\t\t\t\t\t\t\t<\/div>\n\t\t\t\t<\/div>\n\t\t\t\t<div class=\"elementor-element elementor-element-8aaf69b elementor-widget elementor-widget-text-editor\" data-id=\"8aaf69b\" data-element_type=\"widget\" data-e-type=\"widget\" data-widget_type=\"text-editor.default\">\n\t\t\t\t<div class=\"elementor-widget-container\">\n\t\t\t\t\t\t\t\t\t<p><em>Questo contributo \u00e8 una trascrizione dell\u2019intervento fatto dal professor Gabriele Pasqui nel contesto dell\u2019incontro Stadio San Siro: Alimentare il dibattito pubblico, tenutosi il 18 gennaio 2023 presso il Dipartimento di Architettura e Studi Urbani (Politecnico di Milano).<\/em><\/p><p>Mi \u00e8 stato dato il ruolo non tanto di tirare le conclusioni, ma di provare a riflettere a partire dalle cose che sono state dette oggi. Lo far\u00f2 con due premesse. La prima \u00e8 che non sono un esperto di questo specifico processo decisionale; la seconda \u00e8 che quello che prover\u00f2 a dire \u00e8 una posizione personale, ma che riprende molto delle cose dette negli interventi precedenti.<br \/>Innanzitutto, partirei dall\u2019osservazione per la quale non \u00e8 difficile discutere solo dello stadio di San Siro, \u00e8 difficile discutere di tutti i progetti urbanistici oggi a Milano e anche in altri contesti, in Italia e in Europa. Perch\u00e9? Per tante ragioni: innanzitutto, perch\u00e9 nel corso degli ultimi venti, trent\u2019anni, l\u2019asse delle decisioni urbanistiche \u00e8 molto banalmente passato dal pubblico al privato, e ha ridefinito natura e forme della discussione collettiva sulle trasformazioni della citt\u00e0. Questo \u00e8 a mio avviso un punto molto importante, che spiega anche tante cose, compresa l\u2019opacit\u00e0 del processo relativo allo Stadio. Faccio un esempio, ci sono processi almeno altrettanto importanti rispetto a quello dello stadio a Milano, su cui si discute poco e male: di recente per lo scalo ferroviario di Porta Romana \u00e8 stato bandito un concorso gestito dal privato e non dal pubblico, del quale abbiamo visto solo il progetto vincitore, senza poter apprezzare gli altri progetti n\u00e9 capire motivazioni e ragioni della scelta. Per\u00f2 dobbiamo sapere che stiamo in questa congiuntura, in questo contesto. Quindi non mi stupisce che questa opacit\u00e0 si sia rivelata anche sul tema dello stadio di San Siro. Seconda cosa che direi \u00e8 che bisogna anche riuscire, dal nostro punto di vista di osservatori e analisti, a guardare il problema di cui trattiamo scomponendolo nelle sue diverse dimensioni e osservandolo da pi\u00f9 punti di vista.<\/p>\t\t\t\t\t\t\t\t<\/div>\n\t\t\t\t<\/div>\n\t\t\t\t\t<\/div>\n\t\t\t\t<\/div>\n\t\t<div class=\"elementor-element elementor-element-3536ad2 e-con-full e-flex e-con e-child\" data-id=\"3536ad2\" data-element_type=\"container\" data-e-type=\"container\">\n\t\t\t\t<div class=\"elementor-element elementor-element-0fe9db6 elementor-widget elementor-widget-image\" data-id=\"0fe9db6\" data-element_type=\"widget\" data-e-type=\"widget\" data-widget_type=\"image.default\">\n\t\t\t\t<div class=\"elementor-widget-container\">\n\t\t\t\t\t\t\t\t\t\t\t\t\t\t\t<img fetchpriority=\"high\" decoding=\"async\" width=\"800\" height=\"600\" src=\"https:\/\/www.curalab.polimi.it\/wp-content\/uploads\/2024\/07\/Riflessioni.jpg\" class=\"attachment-large size-large wp-image-3251\" alt=\"\" srcset=\"https:\/\/www.curalab.polimi.it\/wp-content\/uploads\/2024\/07\/Riflessioni.jpg 800w, https:\/\/www.curalab.polimi.it\/wp-content\/uploads\/2024\/07\/Riflessioni-300x225.jpg 300w, https:\/\/www.curalab.polimi.it\/wp-content\/uploads\/2024\/07\/Riflessioni-768x576.jpg 768w\" sizes=\"(max-width: 800px) 85vw, 800px\" \/>\t\t\t\t\t\t\t\t\t\t\t\t\t\t\t<\/div>\n\t\t\t\t<\/div>\n\t\t\t\t<div class=\"elementor-element elementor-element-6b0f6ca elementor-widget elementor-widget-text-editor\" data-id=\"6b0f6ca\" data-element_type=\"widget\" data-e-type=\"widget\" data-widget_type=\"text-editor.default\">\n\t\t\t\t<div class=\"elementor-widget-container\">\n\t\t\t\t\t\t\t\t\t<p>Primo punto, qual \u00e8 il problema? Ed \u00e8 un problema solo? Dalla discussione di oggi emerge che i problemi e le poste in gioco sono differenti. Il primo per me \u00e8: bisogna demolire lo stadio s\u00ec o no? Capisco che ci possano essere delle motivazioni tecniche per dire non bisogna demolire San Siro, questo \u00e8 un argomento ma non \u00e8 l\u2019unico. Non credo che sia l\u2019argomento del Sottosegretario Sgarbi, per esempio, che pure ha manifestato un parere contrario alla demolizione. Secondo punto: ammesso che lo stadio possa essere demolito, bisogna ricostruire un nuovo stadio s\u00ec o no? E dove? E da questo punto di vista provo a rispondere mettendomi dal lato di dell\u2019amministrazione comunale. E il mio argomento \u00e8: su che cosa il Comune ha interesse in quanto Comune? Senza entrare nel merito del concetto di interesse pubblico, si tratta di comprendere se e in che misura, ma anche a quali condizioni, la presenza delle societ\u00e0 di calcio sul territorio comunale sia un valore. Allora, come primo punto, sottolineerei il fatto che le due squadre pagano, per utilizzare una infrastruttura di propriet\u00e0 pubblica, anche se meno del passato (e infatti, la capacit\u00e0 di contrattazione del pubblico nei confronti del privato \u00e8 mediamente bassa). Per\u00f2 non possiamo ignorare che quei soldi arrivano al Comune di Milano e sono un introito significativo. Le societ\u00e0 per\u00f2 non vogliono ristrutturare lo stadio e non possono essere obbligate a farlo. Ovviamente le societ\u00e0 vogliono realizzare uno stadio come quelli di Monaco, di Amsterdam o di Londra, sulla base di argomenti che possiamo anche definire speculativi, ma che sono legittimi. Cosa dovrebbe fare dunque il Comune di Milano? E\u2019 facile dire, e io forse sottoscriverei, \u201cbenissimo, care societ\u00e0 calcistiche, fate il nuovo lo stadio dove volete\u201d. Per\u00f2 capite che questa non \u00e8 una decisione indifferente per il Comune di Milano. Perch\u00e9 ci sono delle ragioni economiche, simboliche, di varia natura, per tenere le squadre a Milano. Il punto \u00e8, secondo me, che l\u2019argomento del Comune di Milano \u00e8: \u201cvorremmo che le squadre Inter e Milan rimanessero a Milano\u201d. Io penso che sia un argomento delicato, perch\u00e9 per me Sesto San Giovanni \u00e8 come Milano, ma per il Comune di Milano no. Non \u00e8 la prima volta, ci sono stati miriadi di esempi di questo tipo in cui grandi funzioni urbane venivano proposte appena fuori dal comune di Milano e il Comune di Milano si \u00e8 preoccupato e si \u00e8 opposto. Per me il Comune ragiona cos\u00ec e non sono neanche tanti i soldi che interessano al Comune, quanto il fatto che simbolicamente ritiene che la presenza delle societ\u00e0 sia rilevante all\u2019interno dello spazio perimetrato dai confini amministrativi.<br \/>Poi ci sono tutti gli aspetti ambientali, discussi dal prof. Pileri, ci sono anche gli aspetti che ha richiamato la professoressa Delera e quelli posti dal prof. Longo. Per\u00f2 a tal proposito, io penso che il problema del quartiere San Siro deve avere una sua soluzione dentro il quartiere San Siro e con soldi, tanti, molti di pi\u00f9, messi sul quartiere San Siro. Perch\u00e9 oggi il rapporto fra il quartiere San Siro, per cos\u00ec com\u2019\u00e8, e quello che succede allo stadio mi sembra limitato.\u00a0 Troverei grave, anche politicamente, che le uniche possibili risorse per il quartiere di edilizia pubblica di San Siro dovessero venire esclusivamente dall\u2019operazione sullo stadio.<\/p><p>Vado velocemente a concludere. Non si tratta solo di capire la natura plurale del problema, ma anche di rispondere alla domanda: \u00abper chi \u00e8 un problema?\u00bb. La prof. Cognetti, nella sua analisi del percorso partecipativo, ha mostrato che quello dello stadio \u00e8 un problema in modo molto diverso a seconda di chi lo definisce. I rendering dei progetti, per esempio, sono ridicoli perch\u00e9 sembra che lo stadio di San Siro sia in mezzo a una prateria, cosa che ovviamente non \u00e8. C\u2019\u00e8 gente che abita a 300 metri dallo stadio. L\u2019interesse di questi ultimi \u00e8 legittimo, \u00e8 un interesse molto particolare. Per\u00f2 non c\u2019\u00e8 solo quello, perch\u00e9 chiaramente San Siro e anche tutte le funzioni che gli stanno intorno non \u00e8 che siano del quartiere San Siro, ma sono funzioni di Milano e dell\u2019area metropolitana. Poi ci sono gli attivisti, gli attivisti esperti, gli architetti, gli urbanisti, gli esperti di restauro. Ognuno di loro ha un modo di definire il problema che \u00e8 un po\u2019 differente.<br \/>Alcune associazioni locali propongono il referendum. Chiss\u00e0 se \u00e8 la modalit\u00e0 pi\u00f9 trasparente e pi\u00f9 corretta: per esempio, se fossero esattamente vere le cose che dice il prof. Pileri, non si dovrebbe fare nessun referendum perch\u00e9 vi sono ragioni tecniche e oggettive che sconsigliano la demolizione. \u00c8 ancora: \u00e8 il referendum lo strumento per potenziare la democrazia locale? Questo io non lo so. Quello che abbiamo capito \u00e8 che non lo \u00e8 il dibattito pubblico per come \u00e8 stato gestito. Il dibattito pubblico non serve se non hai delle alternative, eccetera. Francesca Cognetti ha detto una cosa molto precisa: la natura del conflitto oggi dimostra che gli attori locali, per quanto attivi, non sono in grado di mobilitare sufficientemente un conflitto che sia in grado di spostare il rapporto di forze.<br \/>Detto questo, parlando un po\u2019 pi\u00f9 da urbanista, quello che a me sembra manchi totalmente \u00e8 che quello schema che \u00e8 tentato fatto dal Comune di Milano nello Studio d\u2019Area denominato \u201cMosaico San Siro\u201d, \u00e8 una cosa di cui ci sarebbe tanto bisogno, ma \u00e8 debolissimo. Per\u00f2 quella tecnica-urbanistica non \u00e8 l\u2019unica argomentazione che pu\u00f2 essere portata, perch\u00e9, ripeto, anche una dimensione di discussione su quali sono i processi e i meccanismi della democrazia per me fa parte di una dimensione su cui noi dobbiamo ragionare.<br \/>In sintesi, teniamo conto che si tratta di un tema complicato, a pi\u00f9 facce. Forse pi\u00f9 complicato di quel che ci immaginiamo, semplicemente anche rispetto agli interessi degli attori e ai modi in cui si determinano le modalit\u00e0 di decisione. Perch\u00e9 le modalit\u00e0 di decisione, compresi i processi e le procedure di cui parlava l\u2019avvocata Veronica Dini, naturalmente devono essere tenute in considerazione. E quindi penso che tutte le cose che sono state dette dai colleghi a partire dalle loro competenze tecniche vadano tenute insieme a quest\u2019altro pezzo di ragionamento, relativo ai processi decisionali e alle forme di discussione democratica.<\/p>\t\t\t\t\t\t\t\t<\/div>\n\t\t\t\t<\/div>\n\t\t\t\t<\/div>\n\t\t\t\t\t<\/div>\n\t\t\t\t<\/div>\n\t\t\t\t<\/div>\n\t\t","protected":false},"excerpt":{"rendered":"<p>18.01.2023 | Alcune riflessioni conclusive Questo contributo \u00e8 una trascrizione dell\u2019intervento fatto dal professor Gabriele Pasqui nel contesto dell\u2019incontro Stadio San Siro: Alimentare il dibattito pubblico, tenutosi il 18 gennaio 2023 presso il Dipartimento di Architettura e Studi Urbani (Politecnico di Milano). Mi \u00e8 stato dato il ruolo non tanto di tirare le conclusioni, ma &hellip; <a href=\"https:\/\/www.curalab.polimi.it\/?page_id=3402\" class=\"more-link\">Continue reading<span class=\"screen-reader-text\"> &#8220;OMG! -Milano &#8211; Alcune riflessioni conclusive&#8221;<\/span><\/a><\/p>\n","protected":false},"author":12,"featured_media":0,"parent":0,"menu_order":0,"comment_status":"closed","ping_status":"closed","template":"elementor_header_footer","meta":{"footnotes":""},"class_list":["post-3402","page","type-page","status-publish","hentry"],"yoast_head":"<!-- This site is optimized with the Yoast SEO plugin v27.4 - https:\/\/yoast.com\/product\/yoast-seo-wordpress\/ -->\n<title>OMG! -Milano - Alcune riflessioni conclusive - CURA Lab<\/title>\n<meta name=\"robots\" content=\"index, follow, max-snippet:-1, max-image-preview:large, max-video-preview:-1\" \/>\n<link rel=\"canonical\" href=\"https:\/\/www.curalab.polimi.it\/?page_id=3402\" \/>\n<meta property=\"og:locale\" content=\"en_US\" \/>\n<meta property=\"og:type\" content=\"article\" \/>\n<meta property=\"og:title\" content=\"OMG! -Milano - Alcune riflessioni conclusive - CURA Lab\" \/>\n<meta property=\"og:description\" content=\"18.01.2023 | Alcune riflessioni conclusive Questo contributo \u00e8 una trascrizione dell\u2019intervento fatto dal professor Gabriele Pasqui nel contesto dell\u2019incontro Stadio San Siro: Alimentare il dibattito pubblico, tenutosi il 18 gennaio 2023 presso il Dipartimento di Architettura e Studi Urbani (Politecnico di Milano). Mi \u00e8 stato dato il ruolo non tanto di tirare le conclusioni, ma &hellip; Continue reading &quot;OMG! -Milano &#8211; Alcune riflessioni conclusive&quot;\" \/>\n<meta property=\"og:url\" content=\"https:\/\/www.curalab.polimi.it\/?page_id=3402\" \/>\n<meta property=\"og:site_name\" content=\"CURA Lab\" \/>\n<meta property=\"article:modified_time\" content=\"2024-09-23T19:24:48+00:00\" \/>\n<meta property=\"og:image\" content=\"http:\/\/www.curalab.polimi.it\/wp-content\/uploads\/2024\/07\/Riflessioni.jpg\" \/>\n<meta name=\"twitter:card\" content=\"summary_large_image\" \/>\n<meta name=\"twitter:label1\" content=\"Est. reading time\" \/>\n\t<meta name=\"twitter:data1\" content=\"7 minutes\" \/>\n<script type=\"application\/ld+json\" class=\"yoast-schema-graph\">{\"@context\":\"https:\\\/\\\/schema.org\",\"@graph\":[{\"@type\":\"WebPage\",\"@id\":\"https:\\\/\\\/www.curalab.polimi.it\\\/?page_id=3402\",\"url\":\"https:\\\/\\\/www.curalab.polimi.it\\\/?page_id=3402\",\"name\":\"OMG! -Milano - Alcune riflessioni conclusive - CURA Lab\",\"isPartOf\":{\"@id\":\"https:\\\/\\\/www.curalab.polimi.it\\\/#website\"},\"primaryImageOfPage\":{\"@id\":\"https:\\\/\\\/www.curalab.polimi.it\\\/?page_id=3402#primaryimage\"},\"image\":{\"@id\":\"https:\\\/\\\/www.curalab.polimi.it\\\/?page_id=3402#primaryimage\"},\"thumbnailUrl\":\"http:\\\/\\\/www.curalab.polimi.it\\\/wp-content\\\/uploads\\\/2024\\\/07\\\/Riflessioni.jpg\",\"datePublished\":\"2024-07-12T06:31:50+00:00\",\"dateModified\":\"2024-09-23T19:24:48+00:00\",\"breadcrumb\":{\"@id\":\"https:\\\/\\\/www.curalab.polimi.it\\\/?page_id=3402#breadcrumb\"},\"inLanguage\":\"en-US\",\"potentialAction\":[{\"@type\":\"ReadAction\",\"target\":[\"https:\\\/\\\/www.curalab.polimi.it\\\/?page_id=3402\"]}]},{\"@type\":\"ImageObject\",\"inLanguage\":\"en-US\",\"@id\":\"https:\\\/\\\/www.curalab.polimi.it\\\/?page_id=3402#primaryimage\",\"url\":\"https:\\\/\\\/www.curalab.polimi.it\\\/wp-content\\\/uploads\\\/2024\\\/07\\\/Riflessioni.jpg\",\"contentUrl\":\"https:\\\/\\\/www.curalab.polimi.it\\\/wp-content\\\/uploads\\\/2024\\\/07\\\/Riflessioni.jpg\",\"width\":800,\"height\":600,\"caption\":\"Processed with VSCO with p5 preset\"},{\"@type\":\"BreadcrumbList\",\"@id\":\"https:\\\/\\\/www.curalab.polimi.it\\\/?page_id=3402#breadcrumb\",\"itemListElement\":[{\"@type\":\"ListItem\",\"position\":1,\"name\":\"Home\",\"item\":\"https:\\\/\\\/www.curalab.polimi.it\\\/\"},{\"@type\":\"ListItem\",\"position\":2,\"name\":\"OMG! -Milano &#8211; Alcune riflessioni conclusive\"}]},{\"@type\":\"WebSite\",\"@id\":\"https:\\\/\\\/www.curalab.polimi.it\\\/#website\",\"url\":\"https:\\\/\\\/www.curalab.polimi.it\\\/\",\"name\":\"CURA Lab\",\"description\":\"Dipartimento di Architettura e Studi Urbani, Politecnico di Milano -                           Dipartimento di Scienze Umane per la Formazione &quot;Riccardo Massa&quot;,           Universit\u00e0 degli Studi di Milano Bicocca\",\"publisher\":{\"@id\":\"https:\\\/\\\/www.curalab.polimi.it\\\/#organization\"},\"potentialAction\":[{\"@type\":\"SearchAction\",\"target\":{\"@type\":\"EntryPoint\",\"urlTemplate\":\"https:\\\/\\\/www.curalab.polimi.it\\\/?s={search_term_string}\"},\"query-input\":{\"@type\":\"PropertyValueSpecification\",\"valueRequired\":true,\"valueName\":\"search_term_string\"}}],\"inLanguage\":\"en-US\"},{\"@type\":\"Organization\",\"@id\":\"https:\\\/\\\/www.curalab.polimi.it\\\/#organization\",\"name\":\"CURA Lab\",\"url\":\"https:\\\/\\\/www.curalab.polimi.it\\\/\",\"logo\":{\"@type\":\"ImageObject\",\"inLanguage\":\"en-US\",\"@id\":\"https:\\\/\\\/www.curalab.polimi.it\\\/#\\\/schema\\\/logo\\\/image\\\/\",\"url\":\"https:\\\/\\\/www.curalab.polimi.it\\\/wp-content\\\/uploads\\\/2024\\\/07\\\/cropped-logocuralab2.png\",\"contentUrl\":\"https:\\\/\\\/www.curalab.polimi.it\\\/wp-content\\\/uploads\\\/2024\\\/07\\\/cropped-logocuralab2.png\",\"width\":240,\"height\":112,\"caption\":\"CURA Lab\"},\"image\":{\"@id\":\"https:\\\/\\\/www.curalab.polimi.it\\\/#\\\/schema\\\/logo\\\/image\\\/\"}}]}<\/script>\n<!-- \/ Yoast SEO plugin. -->","yoast_head_json":{"title":"OMG! -Milano - Alcune riflessioni conclusive - CURA Lab","robots":{"index":"index","follow":"follow","max-snippet":"max-snippet:-1","max-image-preview":"max-image-preview:large","max-video-preview":"max-video-preview:-1"},"canonical":"https:\/\/www.curalab.polimi.it\/?page_id=3402","og_locale":"en_US","og_type":"article","og_title":"OMG! -Milano - Alcune riflessioni conclusive - CURA Lab","og_description":"18.01.2023 | Alcune riflessioni conclusive Questo contributo \u00e8 una trascrizione dell\u2019intervento fatto dal professor Gabriele Pasqui nel contesto dell\u2019incontro Stadio San Siro: Alimentare il dibattito pubblico, tenutosi il 18 gennaio 2023 presso il Dipartimento di Architettura e Studi Urbani (Politecnico di Milano). Mi \u00e8 stato dato il ruolo non tanto di tirare le conclusioni, ma &hellip; Continue reading \"OMG! -Milano &#8211; Alcune riflessioni conclusive\"","og_url":"https:\/\/www.curalab.polimi.it\/?page_id=3402","og_site_name":"CURA Lab","article_modified_time":"2024-09-23T19:24:48+00:00","og_image":[{"url":"http:\/\/www.curalab.polimi.it\/wp-content\/uploads\/2024\/07\/Riflessioni.jpg","type":"","width":"","height":""}],"twitter_card":"summary_large_image","twitter_misc":{"Est. reading time":"7 minutes"},"schema":{"@context":"https:\/\/schema.org","@graph":[{"@type":"WebPage","@id":"https:\/\/www.curalab.polimi.it\/?page_id=3402","url":"https:\/\/www.curalab.polimi.it\/?page_id=3402","name":"OMG! -Milano - Alcune riflessioni conclusive - CURA Lab","isPartOf":{"@id":"https:\/\/www.curalab.polimi.it\/#website"},"primaryImageOfPage":{"@id":"https:\/\/www.curalab.polimi.it\/?page_id=3402#primaryimage"},"image":{"@id":"https:\/\/www.curalab.polimi.it\/?page_id=3402#primaryimage"},"thumbnailUrl":"http:\/\/www.curalab.polimi.it\/wp-content\/uploads\/2024\/07\/Riflessioni.jpg","datePublished":"2024-07-12T06:31:50+00:00","dateModified":"2024-09-23T19:24:48+00:00","breadcrumb":{"@id":"https:\/\/www.curalab.polimi.it\/?page_id=3402#breadcrumb"},"inLanguage":"en-US","potentialAction":[{"@type":"ReadAction","target":["https:\/\/www.curalab.polimi.it\/?page_id=3402"]}]},{"@type":"ImageObject","inLanguage":"en-US","@id":"https:\/\/www.curalab.polimi.it\/?page_id=3402#primaryimage","url":"https:\/\/www.curalab.polimi.it\/wp-content\/uploads\/2024\/07\/Riflessioni.jpg","contentUrl":"https:\/\/www.curalab.polimi.it\/wp-content\/uploads\/2024\/07\/Riflessioni.jpg","width":800,"height":600,"caption":"Processed with VSCO with p5 preset"},{"@type":"BreadcrumbList","@id":"https:\/\/www.curalab.polimi.it\/?page_id=3402#breadcrumb","itemListElement":[{"@type":"ListItem","position":1,"name":"Home","item":"https:\/\/www.curalab.polimi.it\/"},{"@type":"ListItem","position":2,"name":"OMG! -Milano &#8211; Alcune riflessioni conclusive"}]},{"@type":"WebSite","@id":"https:\/\/www.curalab.polimi.it\/#website","url":"https:\/\/www.curalab.polimi.it\/","name":"CURA Lab","description":"Dipartimento di Architettura e Studi Urbani, Politecnico di Milano -                           Dipartimento di Scienze Umane per la Formazione &quot;Riccardo Massa&quot;,           Universit\u00e0 degli Studi di Milano Bicocca","publisher":{"@id":"https:\/\/www.curalab.polimi.it\/#organization"},"potentialAction":[{"@type":"SearchAction","target":{"@type":"EntryPoint","urlTemplate":"https:\/\/www.curalab.polimi.it\/?s={search_term_string}"},"query-input":{"@type":"PropertyValueSpecification","valueRequired":true,"valueName":"search_term_string"}}],"inLanguage":"en-US"},{"@type":"Organization","@id":"https:\/\/www.curalab.polimi.it\/#organization","name":"CURA Lab","url":"https:\/\/www.curalab.polimi.it\/","logo":{"@type":"ImageObject","inLanguage":"en-US","@id":"https:\/\/www.curalab.polimi.it\/#\/schema\/logo\/image\/","url":"https:\/\/www.curalab.polimi.it\/wp-content\/uploads\/2024\/07\/cropped-logocuralab2.png","contentUrl":"https:\/\/www.curalab.polimi.it\/wp-content\/uploads\/2024\/07\/cropped-logocuralab2.png","width":240,"height":112,"caption":"CURA Lab"},"image":{"@id":"https:\/\/www.curalab.polimi.it\/#\/schema\/logo\/image\/"}}]}},"_links":{"self":[{"href":"https:\/\/www.curalab.polimi.it\/index.php?rest_route=\/wp\/v2\/pages\/3402","targetHints":{"allow":["GET"]}}],"collection":[{"href":"https:\/\/www.curalab.polimi.it\/index.php?rest_route=\/wp\/v2\/pages"}],"about":[{"href":"https:\/\/www.curalab.polimi.it\/index.php?rest_route=\/wp\/v2\/types\/page"}],"author":[{"embeddable":true,"href":"https:\/\/www.curalab.polimi.it\/index.php?rest_route=\/wp\/v2\/users\/12"}],"replies":[{"embeddable":true,"href":"https:\/\/www.curalab.polimi.it\/index.php?rest_route=%2Fwp%2Fv2%2Fcomments&post=3402"}],"version-history":[{"count":23,"href":"https:\/\/www.curalab.polimi.it\/index.php?rest_route=\/wp\/v2\/pages\/3402\/revisions"}],"predecessor-version":[{"id":5613,"href":"https:\/\/www.curalab.polimi.it\/index.php?rest_route=\/wp\/v2\/pages\/3402\/revisions\/5613"}],"wp:attachment":[{"href":"https:\/\/www.curalab.polimi.it\/index.php?rest_route=%2Fwp%2Fv2%2Fmedia&parent=3402"}],"curies":[{"name":"wp","href":"https:\/\/api.w.org\/{rel}","templated":true}]}}