{"id":3394,"date":"2024-07-12T06:20:36","date_gmt":"2024-07-12T06:20:36","guid":{"rendered":"https:\/\/www.curalab.polimi.it\/?page_id=3394"},"modified":"2024-09-23T19:23:50","modified_gmt":"2024-09-23T19:23:50","slug":"omg-milano-sostenibilita-ambientale-suolo-e-impronta-co2","status":"publish","type":"page","link":"https:\/\/www.curalab.polimi.it\/?page_id=3394","title":{"rendered":"OMG! Milano &#8211; Sostenibilit\u00e0 ambientale: suolo e impronta CO2"},"content":{"rendered":"\t\t<div data-elementor-type=\"wp-page\" data-elementor-id=\"3394\" class=\"elementor elementor-3394\">\n\t\t\t\t<div class=\"elementor-element elementor-element-e9465e3 e-flex e-con-boxed e-con e-parent\" data-id=\"e9465e3\" data-element_type=\"container\" data-e-type=\"container\">\n\t\t\t\t\t<div class=\"e-con-inner\">\n\t\t\t\t<div class=\"elementor-element elementor-element-43ddeed elementor-widget__width-initial elementor-widget elementor-widget-text-editor\" data-id=\"43ddeed\" data-element_type=\"widget\" data-e-type=\"widget\" data-widget_type=\"text-editor.default\">\n\t\t\t\t<div class=\"elementor-widget-container\">\n\t\t\t\t\t\t\t\t\t<p><span style=\"color: #ebb688;\"><em>18.01.2023 <\/em><\/span>| <strong>Sostenibilit\u00e0 ambientale: suolo e impronta CO2<\/strong><\/p>\t\t\t\t\t\t\t\t<\/div>\n\t\t\t\t<\/div>\n\t\t\t\t\t<\/div>\n\t\t\t\t<\/div>\n\t\t<div class=\"elementor-element elementor-element-694cd80 e-grid e-con-boxed e-con e-parent\" data-id=\"694cd80\" data-element_type=\"container\" data-e-type=\"container\">\n\t\t\t\t\t<div class=\"e-con-inner\">\n\t\t<div class=\"elementor-element elementor-element-f093186 e-flex e-con-boxed e-con e-child\" data-id=\"f093186\" data-element_type=\"container\" data-e-type=\"container\">\n\t\t\t\t\t<div class=\"e-con-inner\">\n\t\t\t\t<div class=\"elementor-element elementor-element-1e01270 elementor-widget elementor-widget-text-editor\" data-id=\"1e01270\" data-element_type=\"widget\" data-e-type=\"widget\" data-widget_type=\"text-editor.default\">\n\t\t\t\t<div class=\"elementor-widget-container\">\n\t\t\t\t\t\t\t\t\t<p><em>Questo contributo \u00e8 una trascrizione dell\u2019intervento fatto dal professor Paolo Pileri nel contesto dell\u2019incontro Stadio San Siro: Alimentare il dibattito pubblico, tenutosi il 18 gennaio 2023 presso il Dipartimento di Architettura e Studi Urbani (Politecnico di Milano).<\/em><\/p><p>Partiamo da una premessa: il progetto del nuovo stadio San Siro \u00e8 debolissimo, se non addirittura mancante, sulla\/delle parte di analisi ambientale ed ecologica. Poich\u00e9 si tratta di un intervento di forte impatto per la citt\u00e0 e i cittadini, per l\u2019ambiente milanese e per quello da dove giungeranno i materiali e dove si produrranno i residui e i rifiuti del processo di realizzazione, ho provato a fare un primo semplicissimo esercizio, uno di quelli che facciamo fare ai nostri studenti, ma che non era presente nel progetto del nuovo stadio: stimare l\u2019impronta emissiva potenziale di CO2 relativa ai processi di decostruzione e costruzione del nuovo stadio. Calcoli del genere sono un passaggio oggi ineludibile per qualsiasi progetto, ancor pi\u00f9 se il committente \u00e8 pubblico o l\u2019opera di interesse pubblico. La domanda pertanto \u00e8: qual \u00e8 il peso ambientale ed ecologico di una grande opera di questo tipo nel bilancio complessivo e anche nella strategia ambientale \u2013 ammesso che ci sia una strategia ambientale \u2013 di un Comune, di una regione, di un\u2019area di questo tipo?<\/p><p>L\u2019ipotesi di partenza \u00e8 che ogni atto costruttivo e decostruttivo implica un\u2019emissione climalterante potenziale che va a modificare la composizione dell\u2019atmosfera e ad aggravare, nel tempo, il quadro climatico complessivo. Vi \u00e8 quindi una responsabilit\u00e0 dell\u2019amministrazione e del proponente da un lato e una legittima domanda di conoscenza da parte dei cittadini che, correttamente, vogliono vigilare per capire bene come questa proposta progettuale influenzi il bilancio climatico generale e la qualit\u00e0 ambientale della citt\u00e0 dove vivono. Una questione pubblica.<br \/>Per fare i calcoli, mi sono basato su un inventario abbastanza accreditato e utilizzato anche qui al Politecnico di Milano per fare questo tipo di operazioni: Inventory of carbon&amp;energy, Universit\u00e0 di Bath. Tutti i calcoli sono stati pubblicati in un articolo che trovate su Altreconomia.it.<\/p>\t\t\t\t\t\t\t\t<\/div>\n\t\t\t\t<\/div>\n\t\t\t\t\t<\/div>\n\t\t\t\t<\/div>\n\t\t<div class=\"elementor-element elementor-element-7ab1352 e-con-full e-flex e-con e-child\" data-id=\"7ab1352\" data-element_type=\"container\" data-e-type=\"container\">\n\t\t\t\t<div class=\"elementor-element elementor-element-7729082 elementor-widget elementor-widget-image\" data-id=\"7729082\" data-element_type=\"widget\" data-e-type=\"widget\" data-widget_type=\"image.default\">\n\t\t\t\t<div class=\"elementor-widget-container\">\n\t\t\t\t\t\t\t\t\t\t\t\t\t\t\t<img fetchpriority=\"high\" decoding=\"async\" width=\"800\" height=\"600\" src=\"https:\/\/www.curalab.polimi.it\/wp-content\/uploads\/2024\/07\/Sostenibilita.jpg\" class=\"attachment-large size-large wp-image-3252\" alt=\"\" srcset=\"https:\/\/www.curalab.polimi.it\/wp-content\/uploads\/2024\/07\/Sostenibilita.jpg 800w, https:\/\/www.curalab.polimi.it\/wp-content\/uploads\/2024\/07\/Sostenibilita-300x225.jpg 300w, https:\/\/www.curalab.polimi.it\/wp-content\/uploads\/2024\/07\/Sostenibilita-768x576.jpg 768w\" sizes=\"(max-width: 800px) 85vw, 800px\" \/>\t\t\t\t\t\t\t\t\t\t\t\t\t\t\t<\/div>\n\t\t\t\t<\/div>\n\t\t\t\t<div class=\"elementor-element elementor-element-17edb83 elementor-widget elementor-widget-text-editor\" data-id=\"17edb83\" data-element_type=\"widget\" data-e-type=\"widget\" data-widget_type=\"text-editor.default\">\n\t\t\t\t<div class=\"elementor-widget-container\">\n\t\t\t\t\t\t\t\t\t<p>Premetto che la mancanza di conoscenza esatta sulle masse dei materiali che compongono l\u2019attuale e futuro stadio hanno reso molto difficile il calcolo che, inevitabilmente, soffre di approssimazione. Ma non ha importanza in questa fase il cui scopo era quello di fornire al dibattito cittadino un nuovo e strategico spunto per riflettere sulla opportunit\u00e0 di tale intervento. Ancor meno nota \u00e8 la massa dello stadio di progetto. Ho fatto quindi delle ipotesi, confrontandomi anche con i colleghi di scienza e tecnica delle costruzioni del Politecnico (ringrazio al proposito l\u2019ing. Riccardo Aceti che mi ha anche ricordato che vi sono dei pronunciamenti tecnici che hanno gi\u00e0 ampiamente dichiarato che non c\u2019\u00e8 pericolo strutturale per l\u2019attuale stadio San Siro). Tornando alla massa del cemento dell\u2019attuale stadio San Siro, questa \u00e8 di 375 milioni di chili per 150.000 m3; stessa massa ho ipotizzato per il nuovo stadio A partire da queste ipotesi \u00e8 stato possibile calcolare l\u2019emissione probabile tra la fase di decostruzione e quella di nuova costruzione. L\u2019emissione probabile, solo considerando il calcestruzzo e le relative fasi di lavorazione e trasporto, \u00e8 di 190.778 tonnellate di anidride carbonica equivalente (CO2e). A questo valore ho poi aggiunto un arrotondamento del 10%, per includere una serie di azioni e di imprevisti, si arriva a 210.500 tonnellate di CO2e. Si tratta del solo contributo emissivo del cemento, poi ci sono tutti i materiali ferrosi, la carpenteria, gli allestimenti, gli asfalti, gli impianti. Una cosa gigantesca che, ripeto di nuovo, \u00e8 difficile stimare e di cui non c\u2019\u00e8 traccia di stima all\u2019interno delle analisi di progetto pubblicate.<br \/>In un secondo momento sono arrivato anche ad avere notizie sulla carpenteria della copertura pari a circa 20.000 tonnellate di acciaio, travi incluse. Questo contributo va sommato all\u2019interno del calcolo di impronta emissiva di CO2e.<br \/>Una volta stimata l\u2019impronta emissiva della componente cementizia, il passo successivo \u00e8 stato quello di capire come si rapporta tale impronta con le iniziative di mitigazione o compensazione ambientale operanti nel Comune di Milano. Il Piano Aria Clima (PAC) del Comune, ad esempio, si propone una serie di azioni per ridurre l\u2019emissione carbonica in atmosfera. La sola impronta carbonica della componente cementizia rappresenta figurativamente il 3,8% del totale delle emissioni annue dell\u2019intera citt\u00e0, cos\u00ec come riportate nel PAC: un peso importante. Se aggiungiamo la componente \u2018carpenteria di copertura\u2019, il peso di quell\u2019unica opera arriva a sfiorare il 5% dell\u2019intera emissione di urbana di CO2. Se ora andiamo a vedere di quanto negli anni si \u00e8 ridotta l\u2019emissione di CO2 grazie ai vari pacchetti di azioni messe in campo dal Comune di Milano, si osserva che, tra il 2017 e il 2020, il potenziale emissivo \u00e8 stato ridotto pi\u00f9 o meno del 4,5%. Un valore confrontabile con l\u2019impronta emissiva della costruzione\/decostruzione di San Siro (cemento e copertura). Questo significa che la sola \u2018operazione San Siro\u2019 riporterebbe Milano ai valori emissivi di CO2 del 2017 annullando in un colpo solo i risultati di cinque anni di PAC del Comune di Milano.\u00a0Dopo il confronto con il PAC, sono passato alla verifica delle compensazioni \u2018green\u2019 proposte dai due club. La soluzione del futuro stadio si accompagna, infatti, a un progetto di verde che coinvolge circa 11 ettari e che i club ipotizzano sia ampiamente in grado di compensare l\u2019impatto ambientale (pur senza portare alcun calcolo a conforto). Per capire l\u2019adeguatezza di tale proposta, ho lavorato usando i soli dati pubblicati dai club e accessibili a tutti i cittadini (vedi sito web la cattedrale di Populous). Premetto che sono stato pi\u00f9 generoso nel calcolo del numero di alberi che sar\u00e0 messo a dimora rispetto a quanto successivamente riferito nel dibattito pubblico. Inoltre, non ho considerato che la met\u00e0 del verde previsto non \u00e8 verde profondo ovvero meno capace di assolvere alle funzioni di ecologiche di un verde profondo e meno abili a stoccare carbonio. Nei miei calcoli un albero in citt\u00e0 \u00e8 mediamente capace di assorbire meno di un albero fuori citt\u00e0. Ho quindi ipotizzato che nella sua vita un albero urbano assorba circa una tonnellata di CO2. Conteggiando il possibile assorbimento complessivo, il grande progetto di verde proposto dai club arriverebbe pi\u00f9 o meno a compensare appena il 5% delle emissioni di CO2 che il processo di decostruzione\/costruzione genererebbe per i materiali considerati. Il 5% \u00e8 cosa da poco se non addirittura cosa nulla.<br \/>Ho provato allora a vedere se il grande progetto di forestazione urbano in atto a Milano, Forestami, era in grado di compensare l\u2019emissione potenziale di decostruzione\/costruzione. Al 10 febbraio 2022 erano state messe a dimora 284.000 piante, in parte a Milano in parte nella citt\u00e0 metropolitana. Nella migliore delle ipotesi, per compensare l\u2019emissione della sola frazione di cemento dovremmo opzionare il 74% di tutta l\u2019operazione Forestami. Questo significa che i benefici attesi da Forestami per compensare altre fonti emissive si annullerebbero di colpo.<br \/>\u00c8 chiaro che non sono d\u2019accordo con la demolizione di San Siro e che oggi sulla scacchiera delle decisioni urbane non possiamo prescindere dall\u2019idea di cambiare paradigma e decidere in merito ai progetti urbani introducendo ben altri riferimenti valutativi.<br \/>Non basta dire che il funzionamento del prossimo stadio sar\u00e0 carbon-free fintanto che l\u2019impatto del processo decostruttivo\/costruttivo avr\u00e0 quel mostruoso potenziale emissivo che va a pesare come un macigno nel futuro clima milanese e non solo milanese e sulla buona vita di tutti.<\/p>\t\t\t\t\t\t\t\t<\/div>\n\t\t\t\t<\/div>\n\t\t\t\t<\/div>\n\t\t\t\t\t<\/div>\n\t\t\t\t<\/div>\n\t\t\t\t<\/div>\n\t\t","protected":false},"excerpt":{"rendered":"<p>18.01.2023 | Sostenibilit\u00e0 ambientale: suolo e impronta CO2 Questo contributo \u00e8 una trascrizione dell\u2019intervento fatto dal professor Paolo Pileri nel contesto dell\u2019incontro Stadio San Siro: Alimentare il dibattito pubblico, tenutosi il 18 gennaio 2023 presso il Dipartimento di Architettura e Studi Urbani (Politecnico di Milano). Partiamo da una premessa: il progetto del nuovo stadio San &hellip; <a href=\"https:\/\/www.curalab.polimi.it\/?page_id=3394\" class=\"more-link\">Continue reading<span class=\"screen-reader-text\"> &#8220;OMG! Milano &#8211; Sostenibilit\u00e0 ambientale: suolo e impronta CO2&#8221;<\/span><\/a><\/p>\n","protected":false},"author":12,"featured_media":0,"parent":0,"menu_order":0,"comment_status":"closed","ping_status":"closed","template":"elementor_header_footer","meta":{"footnotes":""},"class_list":["post-3394","page","type-page","status-publish","hentry"],"yoast_head":"<!-- This site is optimized with the Yoast SEO plugin v27.4 - https:\/\/yoast.com\/product\/yoast-seo-wordpress\/ -->\n<title>OMG! Milano - Sostenibilit\u00e0 ambientale: suolo e impronta CO2 - CURA Lab<\/title>\n<meta name=\"robots\" content=\"index, follow, max-snippet:-1, max-image-preview:large, max-video-preview:-1\" \/>\n<link rel=\"canonical\" href=\"https:\/\/www.curalab.polimi.it\/?page_id=3394\" \/>\n<meta property=\"og:locale\" content=\"en_US\" \/>\n<meta property=\"og:type\" content=\"article\" \/>\n<meta property=\"og:title\" content=\"OMG! Milano - Sostenibilit\u00e0 ambientale: suolo e impronta CO2 - CURA Lab\" \/>\n<meta property=\"og:description\" content=\"18.01.2023 | Sostenibilit\u00e0 ambientale: suolo e impronta CO2 Questo contributo \u00e8 una trascrizione dell\u2019intervento fatto dal professor Paolo Pileri nel contesto dell\u2019incontro Stadio San Siro: Alimentare il dibattito pubblico, tenutosi il 18 gennaio 2023 presso il Dipartimento di Architettura e Studi Urbani (Politecnico di Milano). Partiamo da una premessa: il progetto del nuovo stadio San &hellip; Continue reading &quot;OMG! Milano &#8211; Sostenibilit\u00e0 ambientale: suolo e impronta CO2&quot;\" \/>\n<meta property=\"og:url\" content=\"https:\/\/www.curalab.polimi.it\/?page_id=3394\" \/>\n<meta property=\"og:site_name\" content=\"CURA Lab\" \/>\n<meta property=\"article:modified_time\" content=\"2024-09-23T19:23:50+00:00\" \/>\n<meta property=\"og:image\" content=\"http:\/\/www.curalab.polimi.it\/wp-content\/uploads\/2024\/07\/Sostenibilita.jpg\" \/>\n<meta name=\"twitter:card\" content=\"summary_large_image\" \/>\n<meta name=\"twitter:label1\" content=\"Est. reading time\" \/>\n\t<meta name=\"twitter:data1\" content=\"6 minutes\" \/>\n<script type=\"application\/ld+json\" class=\"yoast-schema-graph\">{\"@context\":\"https:\\\/\\\/schema.org\",\"@graph\":[{\"@type\":\"WebPage\",\"@id\":\"https:\\\/\\\/www.curalab.polimi.it\\\/?page_id=3394\",\"url\":\"https:\\\/\\\/www.curalab.polimi.it\\\/?page_id=3394\",\"name\":\"OMG! Milano - Sostenibilit\u00e0 ambientale: suolo e impronta CO2 - CURA Lab\",\"isPartOf\":{\"@id\":\"https:\\\/\\\/www.curalab.polimi.it\\\/#website\"},\"primaryImageOfPage\":{\"@id\":\"https:\\\/\\\/www.curalab.polimi.it\\\/?page_id=3394#primaryimage\"},\"image\":{\"@id\":\"https:\\\/\\\/www.curalab.polimi.it\\\/?page_id=3394#primaryimage\"},\"thumbnailUrl\":\"http:\\\/\\\/www.curalab.polimi.it\\\/wp-content\\\/uploads\\\/2024\\\/07\\\/Sostenibilita.jpg\",\"datePublished\":\"2024-07-12T06:20:36+00:00\",\"dateModified\":\"2024-09-23T19:23:50+00:00\",\"breadcrumb\":{\"@id\":\"https:\\\/\\\/www.curalab.polimi.it\\\/?page_id=3394#breadcrumb\"},\"inLanguage\":\"en-US\",\"potentialAction\":[{\"@type\":\"ReadAction\",\"target\":[\"https:\\\/\\\/www.curalab.polimi.it\\\/?page_id=3394\"]}]},{\"@type\":\"ImageObject\",\"inLanguage\":\"en-US\",\"@id\":\"https:\\\/\\\/www.curalab.polimi.it\\\/?page_id=3394#primaryimage\",\"url\":\"https:\\\/\\\/www.curalab.polimi.it\\\/wp-content\\\/uploads\\\/2024\\\/07\\\/Sostenibilita.jpg\",\"contentUrl\":\"https:\\\/\\\/www.curalab.polimi.it\\\/wp-content\\\/uploads\\\/2024\\\/07\\\/Sostenibilita.jpg\",\"width\":800,\"height\":600},{\"@type\":\"BreadcrumbList\",\"@id\":\"https:\\\/\\\/www.curalab.polimi.it\\\/?page_id=3394#breadcrumb\",\"itemListElement\":[{\"@type\":\"ListItem\",\"position\":1,\"name\":\"Home\",\"item\":\"https:\\\/\\\/www.curalab.polimi.it\\\/\"},{\"@type\":\"ListItem\",\"position\":2,\"name\":\"OMG! Milano &#8211; Sostenibilit\u00e0 ambientale: suolo e impronta CO2\"}]},{\"@type\":\"WebSite\",\"@id\":\"https:\\\/\\\/www.curalab.polimi.it\\\/#website\",\"url\":\"https:\\\/\\\/www.curalab.polimi.it\\\/\",\"name\":\"CURA Lab\",\"description\":\"Dipartimento di Architettura e Studi Urbani, Politecnico di Milano -                           Dipartimento di Scienze Umane per la Formazione &quot;Riccardo Massa&quot;,           Universit\u00e0 degli Studi di Milano Bicocca\",\"publisher\":{\"@id\":\"https:\\\/\\\/www.curalab.polimi.it\\\/#organization\"},\"potentialAction\":[{\"@type\":\"SearchAction\",\"target\":{\"@type\":\"EntryPoint\",\"urlTemplate\":\"https:\\\/\\\/www.curalab.polimi.it\\\/?s={search_term_string}\"},\"query-input\":{\"@type\":\"PropertyValueSpecification\",\"valueRequired\":true,\"valueName\":\"search_term_string\"}}],\"inLanguage\":\"en-US\"},{\"@type\":\"Organization\",\"@id\":\"https:\\\/\\\/www.curalab.polimi.it\\\/#organization\",\"name\":\"CURA Lab\",\"url\":\"https:\\\/\\\/www.curalab.polimi.it\\\/\",\"logo\":{\"@type\":\"ImageObject\",\"inLanguage\":\"en-US\",\"@id\":\"https:\\\/\\\/www.curalab.polimi.it\\\/#\\\/schema\\\/logo\\\/image\\\/\",\"url\":\"https:\\\/\\\/www.curalab.polimi.it\\\/wp-content\\\/uploads\\\/2024\\\/07\\\/cropped-logocuralab2.png\",\"contentUrl\":\"https:\\\/\\\/www.curalab.polimi.it\\\/wp-content\\\/uploads\\\/2024\\\/07\\\/cropped-logocuralab2.png\",\"width\":240,\"height\":112,\"caption\":\"CURA Lab\"},\"image\":{\"@id\":\"https:\\\/\\\/www.curalab.polimi.it\\\/#\\\/schema\\\/logo\\\/image\\\/\"}}]}<\/script>\n<!-- \/ Yoast SEO plugin. -->","yoast_head_json":{"title":"OMG! Milano - Sostenibilit\u00e0 ambientale: suolo e impronta CO2 - CURA Lab","robots":{"index":"index","follow":"follow","max-snippet":"max-snippet:-1","max-image-preview":"max-image-preview:large","max-video-preview":"max-video-preview:-1"},"canonical":"https:\/\/www.curalab.polimi.it\/?page_id=3394","og_locale":"en_US","og_type":"article","og_title":"OMG! Milano - Sostenibilit\u00e0 ambientale: suolo e impronta CO2 - CURA Lab","og_description":"18.01.2023 | Sostenibilit\u00e0 ambientale: suolo e impronta CO2 Questo contributo \u00e8 una trascrizione dell\u2019intervento fatto dal professor Paolo Pileri nel contesto dell\u2019incontro Stadio San Siro: Alimentare il dibattito pubblico, tenutosi il 18 gennaio 2023 presso il Dipartimento di Architettura e Studi Urbani (Politecnico di Milano). Partiamo da una premessa: il progetto del nuovo stadio San &hellip; Continue reading \"OMG! Milano &#8211; Sostenibilit\u00e0 ambientale: suolo e impronta CO2\"","og_url":"https:\/\/www.curalab.polimi.it\/?page_id=3394","og_site_name":"CURA Lab","article_modified_time":"2024-09-23T19:23:50+00:00","og_image":[{"url":"http:\/\/www.curalab.polimi.it\/wp-content\/uploads\/2024\/07\/Sostenibilita.jpg","type":"","width":"","height":""}],"twitter_card":"summary_large_image","twitter_misc":{"Est. reading time":"6 minutes"},"schema":{"@context":"https:\/\/schema.org","@graph":[{"@type":"WebPage","@id":"https:\/\/www.curalab.polimi.it\/?page_id=3394","url":"https:\/\/www.curalab.polimi.it\/?page_id=3394","name":"OMG! Milano - Sostenibilit\u00e0 ambientale: suolo e impronta CO2 - CURA Lab","isPartOf":{"@id":"https:\/\/www.curalab.polimi.it\/#website"},"primaryImageOfPage":{"@id":"https:\/\/www.curalab.polimi.it\/?page_id=3394#primaryimage"},"image":{"@id":"https:\/\/www.curalab.polimi.it\/?page_id=3394#primaryimage"},"thumbnailUrl":"http:\/\/www.curalab.polimi.it\/wp-content\/uploads\/2024\/07\/Sostenibilita.jpg","datePublished":"2024-07-12T06:20:36+00:00","dateModified":"2024-09-23T19:23:50+00:00","breadcrumb":{"@id":"https:\/\/www.curalab.polimi.it\/?page_id=3394#breadcrumb"},"inLanguage":"en-US","potentialAction":[{"@type":"ReadAction","target":["https:\/\/www.curalab.polimi.it\/?page_id=3394"]}]},{"@type":"ImageObject","inLanguage":"en-US","@id":"https:\/\/www.curalab.polimi.it\/?page_id=3394#primaryimage","url":"https:\/\/www.curalab.polimi.it\/wp-content\/uploads\/2024\/07\/Sostenibilita.jpg","contentUrl":"https:\/\/www.curalab.polimi.it\/wp-content\/uploads\/2024\/07\/Sostenibilita.jpg","width":800,"height":600},{"@type":"BreadcrumbList","@id":"https:\/\/www.curalab.polimi.it\/?page_id=3394#breadcrumb","itemListElement":[{"@type":"ListItem","position":1,"name":"Home","item":"https:\/\/www.curalab.polimi.it\/"},{"@type":"ListItem","position":2,"name":"OMG! Milano &#8211; Sostenibilit\u00e0 ambientale: suolo e impronta CO2"}]},{"@type":"WebSite","@id":"https:\/\/www.curalab.polimi.it\/#website","url":"https:\/\/www.curalab.polimi.it\/","name":"CURA Lab","description":"Dipartimento di Architettura e Studi Urbani, Politecnico di Milano -                           Dipartimento di Scienze Umane per la Formazione &quot;Riccardo Massa&quot;,           Universit\u00e0 degli Studi di Milano Bicocca","publisher":{"@id":"https:\/\/www.curalab.polimi.it\/#organization"},"potentialAction":[{"@type":"SearchAction","target":{"@type":"EntryPoint","urlTemplate":"https:\/\/www.curalab.polimi.it\/?s={search_term_string}"},"query-input":{"@type":"PropertyValueSpecification","valueRequired":true,"valueName":"search_term_string"}}],"inLanguage":"en-US"},{"@type":"Organization","@id":"https:\/\/www.curalab.polimi.it\/#organization","name":"CURA Lab","url":"https:\/\/www.curalab.polimi.it\/","logo":{"@type":"ImageObject","inLanguage":"en-US","@id":"https:\/\/www.curalab.polimi.it\/#\/schema\/logo\/image\/","url":"https:\/\/www.curalab.polimi.it\/wp-content\/uploads\/2024\/07\/cropped-logocuralab2.png","contentUrl":"https:\/\/www.curalab.polimi.it\/wp-content\/uploads\/2024\/07\/cropped-logocuralab2.png","width":240,"height":112,"caption":"CURA Lab"},"image":{"@id":"https:\/\/www.curalab.polimi.it\/#\/schema\/logo\/image\/"}}]}},"_links":{"self":[{"href":"https:\/\/www.curalab.polimi.it\/index.php?rest_route=\/wp\/v2\/pages\/3394","targetHints":{"allow":["GET"]}}],"collection":[{"href":"https:\/\/www.curalab.polimi.it\/index.php?rest_route=\/wp\/v2\/pages"}],"about":[{"href":"https:\/\/www.curalab.polimi.it\/index.php?rest_route=\/wp\/v2\/types\/page"}],"author":[{"embeddable":true,"href":"https:\/\/www.curalab.polimi.it\/index.php?rest_route=\/wp\/v2\/users\/12"}],"replies":[{"embeddable":true,"href":"https:\/\/www.curalab.polimi.it\/index.php?rest_route=%2Fwp%2Fv2%2Fcomments&post=3394"}],"version-history":[{"count":28,"href":"https:\/\/www.curalab.polimi.it\/index.php?rest_route=\/wp\/v2\/pages\/3394\/revisions"}],"predecessor-version":[{"id":5610,"href":"https:\/\/www.curalab.polimi.it\/index.php?rest_route=\/wp\/v2\/pages\/3394\/revisions\/5610"}],"wp:attachment":[{"href":"https:\/\/www.curalab.polimi.it\/index.php?rest_route=%2Fwp%2Fv2%2Fmedia&parent=3394"}],"curies":[{"name":"wp","href":"https:\/\/api.w.org\/{rel}","templated":true}]}}