{"id":225,"date":"2024-03-31T20:06:19","date_gmt":"2024-03-31T20:06:19","guid":{"rendered":"https:\/\/www.curalab.polimi.it\/?page_id=225"},"modified":"2025-02-11T21:27:12","modified_gmt":"2025-02-11T21:27:12","slug":"collaborative-research-abitare-a-san-siro","status":"publish","type":"page","link":"https:\/\/www.curalab.polimi.it\/?page_id=225","title":{"rendered":"Collaborative Research &#8211; Abitare a San Siro"},"content":{"rendered":"\t\t<div data-elementor-type=\"wp-page\" data-elementor-id=\"225\" class=\"elementor elementor-225\">\n\t\t\t\t<div class=\"elementor-element elementor-element-7a7d9e2 elementor-hidden-desktop elementor-hidden-laptop e-flex e-con-boxed e-con e-parent\" data-id=\"7a7d9e2\" data-element_type=\"container\" data-e-type=\"container\">\n\t\t\t\t\t<div class=\"e-con-inner\">\n\t\t\t\t<div class=\"elementor-element elementor-element-8c2525d elementor-widget__width-initial elementor-widget-tablet__width-initial elementor-widget elementor-widget-text-editor\" data-id=\"8c2525d\" data-element_type=\"widget\" data-e-type=\"widget\" data-widget_type=\"text-editor.default\">\n\t\t\t\t<div class=\"elementor-widget-container\">\n\t\t\t\t\t\t\t\t\t<p><strong>Abitare San Siro.<br \/>Una co-ricerca sulle condizioni abitative nel quartiere Erp San Siro<\/strong><\/p>\t\t\t\t\t\t\t\t<\/div>\n\t\t\t\t<\/div>\n\t\t\t\t\t<\/div>\n\t\t\t\t<\/div>\n\t\t<div class=\"elementor-element elementor-element-a8970ac e-grid e-con-full elementor-hidden-tablet elementor-hidden-mobile e-con e-parent\" data-id=\"a8970ac\" data-element_type=\"container\" data-e-type=\"container\">\n\t\t<div class=\"elementor-element elementor-element-b315942 e-flex e-con-boxed e-con e-child\" data-id=\"b315942\" data-element_type=\"container\" data-e-type=\"container\">\n\t\t\t\t\t<div class=\"e-con-inner\">\n\t\t\t\t<div class=\"elementor-element elementor-element-1f229fb elementor-widget__width-initial elementor-widget-tablet__width-initial elementor-widget elementor-widget-text-editor\" data-id=\"1f229fb\" data-element_type=\"widget\" data-e-type=\"widget\" data-widget_type=\"text-editor.default\">\n\t\t\t\t<div class=\"elementor-widget-container\">\n\t\t\t\t\t\t\t\t\t<p><strong>Abitare San Siro.<br \/>Una co-ricerca sulle condizioni abitative nel quartiere Erp San Siro<\/strong><\/p>\t\t\t\t\t\t\t\t<\/div>\n\t\t\t\t<\/div>\n\t\t\t\t<div class=\"elementor-element elementor-element-6dafa2a elementor-widget__width-initial elementor-widget elementor-widget-text-editor\" data-id=\"6dafa2a\" data-element_type=\"widget\" data-e-type=\"widget\" data-widget_type=\"text-editor.default\">\n\t\t\t\t<div class=\"elementor-widget-container\">\n\t\t\t\t\t\t\t\t\t<p><span style=\"color: #2d282a;\">In collaborazione con <em>Sicet Milano, MaudLab &#8211; Mapping and Urban Data Lab \u2013 DAStU Politecnico di Milano<\/em><\/span><\/p><p><span style=\"color: #2d282a;\">In rete con Associazione Alfabeti Onlus, Associazione Scomodo, CISL FNP Milano Metropoli, Clinica Legale &#8211; Universit\u00e0 Commerciale Luigi Bocconi, Cooperativa Equa, C.S.I. Centro Sportivo Italiano, Fondazione Soleterre, Universit\u00e0 Milano Bicocca &#8211; Dip. di Scienze Umane per la Formazione \u201cRiccardo Massa\u201d<\/span><\/p><p><span style=\"color: #2d282a;\">Il tema del diritto alla casa pubblica assume oggi carattere prioritario e urgente, a fronte delle grandi trasformazioni urbane che interessano la citt\u00e0 di Milano e dei connessi processi di \u201cespulsione\u201d di fasce sempre pi\u00f9 ampie di popolazione. Il quadrilatero di San Siro ospita una delle pi\u00f9 alte concentrazioni di edilizia residenziale pubblica della citt\u00e0, con un patrimonio abitativo di circa 6000 alloggi. Il quartiere rappresenta ancora oggi una preziosa risorsa per la tutela delle garanzie al diritto alla casa per le fasce pi\u00f9 fragili della popolazione. Tuttavia, la salvaguardia e la valorizzazione di questo patrimonio vengono messe ricorsivamente in crisi da diversi fattori che, negli ultimi anni, hanno provocato lenti e continui processi di erosione e scarsa valorizzazione del patrimonio pubblico residenziale. L\u2019obiettivo della ricerca \u00e8 dunque far emergere e rappresentare la molteplicit\u00e0 degli aspetti che riguardano la \u201cquestione abitativa\u201d all\u2019interno del quadrilatero ERP, raccontando i diversi punti di vista, le criticit\u00e0 ma anche le innumerevoli risorse che questo quartiere ha costruito e consolidato nel tempo.<\/span><\/p><hr \/><p><span style=\"color: #2d282a;\">Scarica il report della ricerca qui: <strong><em><span style=\"color: #00ccff;\"><a style=\"color: #00ccff;\" href=\"http:\/\/www.curalab.polimi.it\/wp-content\/uploads\/2024\/05\/Report-Abitare-San-Siro.pdf\">Report Abitare San Siro<\/a><\/span><\/em><\/strong><\/span><\/p><p><span style=\"color: #2d282a;\">Download the research report here (English version): <strong><em><span style=\"color: #00ccff;\"><a style=\"color: #00ccff;\" href=\"http:\/\/www.curalab.polimi.it\/wp-content\/uploads\/2025\/02\/ABITARE-SAN-SIRO-Report-ENG.pdf\">Report Abitare San Siro<\/a><\/span><\/em><\/strong><\/span><\/p><p><span style=\"color: #2d282a;\">Scarica l\u2019executive summary della ricerca qui:\u00a0<strong><em><span style=\"color: #00ccff;\"><a style=\"color: #00ccff;\" href=\"http:\/\/www.curalab.polimi.it\/wp-content\/uploads\/2024\/05\/Executive-Summary-Abitare-San-Siro.pdf\">Executive Summary Abitare San Siro<\/a><\/span><\/em><\/strong><\/span><\/p><p><span style=\"color: #2d282a;\">Download the research executive summary here (English version): <strong><em><span style=\"color: #00ccff;\"><a style=\"color: #00ccff;\" href=\"http:\/\/www.curalab.polimi.it\/wp-content\/uploads\/2025\/02\/Abitare-San-Siro-Executive-Summary-ENG.pdf\">Executive summary Abitare San Siro<\/a><\/span><\/em><\/strong><\/span><\/p>\t\t\t\t\t\t\t\t<\/div>\n\t\t\t\t<\/div>\n\t\t\t\t\t<\/div>\n\t\t\t\t<\/div>\n\t\t<div class=\"elementor-element elementor-element-aa0e995 e-flex e-con-boxed e-con e-child\" data-id=\"aa0e995\" data-element_type=\"container\" data-e-type=\"container\">\n\t\t\t\t\t<div class=\"e-con-inner\">\n\t\t\t\t<div class=\"elementor-element elementor-element-c271a66 elementor-widget elementor-widget-image\" data-id=\"c271a66\" data-element_type=\"widget\" data-e-type=\"widget\" data-widget_type=\"image.default\">\n\t\t\t\t<div class=\"elementor-widget-container\">\n\t\t\t\t\t\t\t\t\t\t\t\t<figure class=\"wp-caption\">\n\t\t\t\t\t\t\t\t\t\t<img fetchpriority=\"high\" decoding=\"async\" width=\"225\" height=\"300\" src=\"https:\/\/www.curalab.polimi.it\/wp-content\/uploads\/2024\/05\/Abitare-San-Siro-1-225x300.jpg\" class=\"attachment-medium size-medium wp-image-950\" alt=\"\" srcset=\"https:\/\/www.curalab.polimi.it\/wp-content\/uploads\/2024\/05\/Abitare-San-Siro-1-225x300.jpg 225w, https:\/\/www.curalab.polimi.it\/wp-content\/uploads\/2024\/05\/Abitare-San-Siro-1-768x1024.jpg 768w, https:\/\/www.curalab.polimi.it\/wp-content\/uploads\/2024\/05\/Abitare-San-Siro-1-1152x1536.jpg 1152w, https:\/\/www.curalab.polimi.it\/wp-content\/uploads\/2024\/05\/Abitare-San-Siro-1-1536x2048.jpg 1536w, https:\/\/www.curalab.polimi.it\/wp-content\/uploads\/2024\/05\/Abitare-San-Siro-1-1200x1600.jpg 1200w, https:\/\/www.curalab.polimi.it\/wp-content\/uploads\/2024\/05\/Abitare-San-Siro-1-scaled.jpg 1920w\" sizes=\"(max-width: 225px) 85vw, 225px\" \/>\t\t\t\t\t\t\t\t\t\t\t<figcaption class=\"widget-image-caption wp-caption-text\"><\/figcaption>\n\t\t\t\t\t\t\t\t\t\t<\/figure>\n\t\t\t\t\t\t\t\t\t<\/div>\n\t\t\t\t<\/div>\n\t\t\t\t<div class=\"elementor-element elementor-element-44b4895 elementor-widget elementor-widget-text-editor\" data-id=\"44b4895\" data-element_type=\"widget\" data-e-type=\"widget\" data-widget_type=\"text-editor.default\">\n\t\t\t\t<div class=\"elementor-widget-container\">\n\t\t\t\t\t\t\t\t\t<p><em>Crediti fotografici: Maria Elena Ponno<\/em><\/p>\t\t\t\t\t\t\t\t<\/div>\n\t\t\t\t<\/div>\n\t\t\t\t\t<\/div>\n\t\t\t\t<\/div>\n\t\t\t\t<\/div>\n\t\t<div class=\"elementor-element elementor-element-795f389 elementor-hidden-desktop elementor-hidden-laptop e-flex e-con-boxed e-con e-parent\" data-id=\"795f389\" data-element_type=\"container\" data-e-type=\"container\">\n\t\t\t\t\t<div class=\"e-con-inner\">\n\t\t\t\t<div class=\"elementor-element elementor-element-381c0e4 elementor-widget elementor-widget-text-editor\" data-id=\"381c0e4\" data-element_type=\"widget\" data-e-type=\"widget\" data-widget_type=\"text-editor.default\">\n\t\t\t\t<div class=\"elementor-widget-container\">\n\t\t\t\t\t\t\t\t\t<p>In collaborazione con Sicet Milano, MaudLab &#8211; Mapping and Urban Data Lab \u2013 DAStU Politecnico di Milano<\/p><p>In rete con Associazione Alfabeti Onlus, Associazione Scomodo, CISL FNP Milano Metropoli, Clinica Legale &#8211; Universit\u00e0 Commerciale Luigi Bocconi, Cooperativa Equa, C.S.I. Centro Sportivo Italiano, Fondazione Soleterre, Universit\u00e0 Milano Bicocca &#8211; Dip. di Scienze Umane per la Formazione \u201cRiccardo Massa\u201d<\/p><p>Il tema del diritto alla casa pubblica assume oggi carattere prioritario e urgente, a fronte delle grandi trasformazioni urbane che interessano la citt\u00e0 di Milano e dei connessi processi di \u201cespulsione\u201d di fasce sempre pi\u00f9 ampie di popolazione. Il quadrilatero di San Siro ospita una delle pi\u00f9 alte concentrazioni di edilizia residenziale pubblica della citt\u00e0, con un patrimonio abitativo di circa 6000 alloggi. Il quartiere rappresenta ancora oggi una preziosa risorsa per la tutela delle garanzie al diritto alla casa per le fasce pi\u00f9 fragili della popolazione.<\/p>\t\t\t\t\t\t\t\t<\/div>\n\t\t\t\t<\/div>\n\t\t\t\t<div class=\"elementor-element elementor-element-458449a elementor-widget elementor-widget-text-editor\" data-id=\"458449a\" data-element_type=\"widget\" data-e-type=\"widget\" data-widget_type=\"text-editor.default\">\n\t\t\t\t<div class=\"elementor-widget-container\">\n\t\t\t\t\t\t\t\t\t<p><em>Crediti fotografici: Marie Elena Ponno<\/em><\/p>\t\t\t\t\t\t\t\t<\/div>\n\t\t\t\t<\/div>\n\t\t<div class=\"elementor-element elementor-element-e12dad1 e-con-full e-flex e-con e-child\" data-id=\"e12dad1\" data-element_type=\"container\" data-e-type=\"container\">\n\t\t\t\t<div class=\"elementor-element elementor-element-b4505f3 elementor-widget elementor-widget-image\" data-id=\"b4505f3\" data-element_type=\"widget\" data-e-type=\"widget\" data-widget_type=\"image.default\">\n\t\t\t\t<div class=\"elementor-widget-container\">\n\t\t\t\t\t\t\t\t\t\t\t\t\t\t\t<img decoding=\"async\" width=\"768\" height=\"614\" src=\"https:\/\/www.curalab.polimi.it\/wp-content\/uploads\/2024\/08\/Abitare-San-Siro-768x614.jpg\" class=\"attachment-medium_large size-medium_large wp-image-4159\" alt=\"\" srcset=\"https:\/\/www.curalab.polimi.it\/wp-content\/uploads\/2024\/08\/Abitare-San-Siro-768x614.jpg 768w, https:\/\/www.curalab.polimi.it\/wp-content\/uploads\/2024\/08\/Abitare-San-Siro-300x240.jpg 300w, https:\/\/www.curalab.polimi.it\/wp-content\/uploads\/2024\/08\/Abitare-San-Siro-1024x819.jpg 1024w, https:\/\/www.curalab.polimi.it\/wp-content\/uploads\/2024\/08\/Abitare-San-Siro-1536x1229.jpg 1536w, https:\/\/www.curalab.polimi.it\/wp-content\/uploads\/2024\/08\/Abitare-San-Siro-2048x1638.jpg 2048w, https:\/\/www.curalab.polimi.it\/wp-content\/uploads\/2024\/08\/Abitare-San-Siro-1200x960.jpg 1200w, https:\/\/www.curalab.polimi.it\/wp-content\/uploads\/2024\/08\/elementor\/thumbs\/Abitare-San-Siro-scaled-qsee21f14of93gaxubkti84ola37f1ojxh2qlhb46o.jpg 750w\" sizes=\"(max-width: 768px) 85vw, 768px\" \/>\t\t\t\t\t\t\t\t\t\t\t\t\t\t\t<\/div>\n\t\t\t\t<\/div>\n\t\t\t\t<div class=\"elementor-element elementor-element-fdcb53b elementor-widget elementor-widget-text-editor\" data-id=\"fdcb53b\" data-element_type=\"widget\" data-e-type=\"widget\" data-widget_type=\"text-editor.default\">\n\t\t\t\t<div class=\"elementor-widget-container\">\n\t\t\t\t\t\t\t\t\t<p><span style=\"text-align: var(--text-align);\">Tuttavia, la salvaguardia e la valorizzazione di questo patrimonio vengono messe ricorsivamente in crisi da diversi fattori che, negli ultimi anni, hanno provocato lenti e continui processi di erosione e scarsa valorizzazione del patrimonio pubblico residenziale. L\u2019obiettivo della ricerca \u00e8 dunque far emergere e rappresentare la molteplicit\u00e0 degli aspetti che riguardano la \u201cquestione abitativa\u201d all\u2019interno del quadrilatero ERP, raccontando i diversi punti di vista, le criticit\u00e0 ma anche le innumerevoli risorse che questo quartiere ha costruito e consolidato nel tempo.<\/span><\/p><hr \/><p>Scarica il report della ricerca qui:\u00a0<strong><span style=\"color: #33cccc;\"><a style=\"color: #33cccc;\" href=\"http:\/\/www.curalab.polimi.it\/wp-content\/uploads\/2024\/05\/Report-Abitare-San-Siro.pdf\">Report Abitare San Siro<\/a><\/span><\/strong><\/p><p><span style=\"color: #2d282a;\">Download the research report here (English version): <strong><span style=\"color: #33cccc;\"><a style=\"color: #33cccc;\" href=\"http:\/\/www.curalab.polimi.it\/wp-content\/uploads\/2025\/02\/ABITARE-SAN-SIRO-Report-ENG.pdf\">Report Abitare San Siro<\/a><\/span><\/strong><\/span><\/p><p>Scarica l\u2019executive summary della ricerca qui:\u00a0<strong><span style=\"color: #33cccc;\"><a style=\"color: #33cccc;\" href=\"http:\/\/www.curalab.polimi.it\/wp-content\/uploads\/2024\/05\/Executive-Summary-Abitare-San-Siro.pdf\">Executive Summary Abitare San Siro<\/a><\/span><\/strong><\/p><p><span style=\"color: #2d282a;\">Download the research executive summary here (English version): <strong><span style=\"color: #33cccc;\"><a style=\"color: #33cccc;\" href=\"http:\/\/www.curalab.polimi.it\/wp-content\/uploads\/2025\/02\/Abitare-San-Siro-Executive-Summary-ENG.pdf\">Executive Summary Abitare San Siro<\/a><\/span><\/strong><\/span><\/p>\t\t\t\t\t\t\t\t<\/div>\n\t\t\t\t<\/div>\n\t\t\t\t<\/div>\n\t\t\t\t\t<\/div>\n\t\t\t\t<\/div>\n\t\t\t\t<\/div>\n\t\t","protected":false},"excerpt":{"rendered":"<p>Abitare San Siro.Una co-ricerca sulle condizioni abitative nel quartiere Erp San Siro Abitare San Siro.Una co-ricerca sulle condizioni abitative nel quartiere Erp San Siro In collaborazione con Sicet Milano, MaudLab &#8211; Mapping and Urban Data Lab \u2013 DAStU Politecnico di Milano In rete con Associazione Alfabeti Onlus, Associazione Scomodo, CISL FNP Milano Metropoli, Clinica Legale &hellip; <a href=\"https:\/\/www.curalab.polimi.it\/?page_id=225\" class=\"more-link\">Continue reading<span class=\"screen-reader-text\"> &#8220;Collaborative Research &#8211; Abitare a San Siro&#8221;<\/span><\/a><\/p>\n","protected":false},"author":8,"featured_media":0,"parent":0,"menu_order":0,"comment_status":"closed","ping_status":"closed","template":"elementor_header_footer","meta":{"footnotes":""},"class_list":["post-225","page","type-page","status-publish","hentry"],"yoast_head":"<!-- This site is optimized with the Yoast SEO plugin v27.4 - https:\/\/yoast.com\/product\/yoast-seo-wordpress\/ -->\n<title>Collaborative Research - Abitare a San Siro - CURA Lab<\/title>\n<meta name=\"robots\" content=\"index, follow, max-snippet:-1, max-image-preview:large, max-video-preview:-1\" \/>\n<link rel=\"canonical\" href=\"https:\/\/www.curalab.polimi.it\/?page_id=225\" \/>\n<meta property=\"og:locale\" content=\"en_US\" \/>\n<meta property=\"og:type\" content=\"article\" \/>\n<meta property=\"og:title\" content=\"Collaborative Research - Abitare a San Siro - CURA Lab\" \/>\n<meta property=\"og:description\" content=\"Abitare San Siro.Una co-ricerca sulle condizioni abitative nel quartiere Erp San Siro Abitare San Siro.Una co-ricerca sulle condizioni abitative nel quartiere Erp San Siro In collaborazione con Sicet Milano, MaudLab &#8211; Mapping and Urban Data Lab \u2013 DAStU Politecnico di Milano In rete con Associazione Alfabeti Onlus, Associazione Scomodo, CISL FNP Milano Metropoli, Clinica Legale &hellip; Continue reading &quot;Collaborative Research &#8211; Abitare a San Siro&quot;\" \/>\n<meta property=\"og:url\" content=\"https:\/\/www.curalab.polimi.it\/?page_id=225\" \/>\n<meta property=\"og:site_name\" content=\"CURA Lab\" \/>\n<meta property=\"article:modified_time\" content=\"2025-02-11T21:27:12+00:00\" \/>\n<meta property=\"og:image\" content=\"https:\/\/www.curalab.polimi.it\/wp-content\/uploads\/2024\/05\/Abitare-San-Siro-1-scaled.jpg\" \/>\n\t<meta property=\"og:image:width\" content=\"1920\" \/>\n\t<meta property=\"og:image:height\" content=\"2560\" \/>\n\t<meta property=\"og:image:type\" content=\"image\/jpeg\" \/>\n<meta name=\"twitter:card\" content=\"summary_large_image\" \/>\n<meta name=\"twitter:label1\" content=\"Est. reading time\" \/>\n\t<meta name=\"twitter:data1\" content=\"3 minutes\" \/>\n<script type=\"application\/ld+json\" class=\"yoast-schema-graph\">{\"@context\":\"https:\\\/\\\/schema.org\",\"@graph\":[{\"@type\":\"WebPage\",\"@id\":\"https:\\\/\\\/www.curalab.polimi.it\\\/?page_id=225\",\"url\":\"https:\\\/\\\/www.curalab.polimi.it\\\/?page_id=225\",\"name\":\"Collaborative Research - Abitare a San Siro - CURA Lab\",\"isPartOf\":{\"@id\":\"https:\\\/\\\/www.curalab.polimi.it\\\/#website\"},\"primaryImageOfPage\":{\"@id\":\"https:\\\/\\\/www.curalab.polimi.it\\\/?page_id=225#primaryimage\"},\"image\":{\"@id\":\"https:\\\/\\\/www.curalab.polimi.it\\\/?page_id=225#primaryimage\"},\"thumbnailUrl\":\"http:\\\/\\\/www.curalab.polimi.it\\\/wp-content\\\/uploads\\\/2024\\\/05\\\/Abitare-San-Siro-1-225x300.jpg\",\"datePublished\":\"2024-03-31T20:06:19+00:00\",\"dateModified\":\"2025-02-11T21:27:12+00:00\",\"breadcrumb\":{\"@id\":\"https:\\\/\\\/www.curalab.polimi.it\\\/?page_id=225#breadcrumb\"},\"inLanguage\":\"en-US\",\"potentialAction\":[{\"@type\":\"ReadAction\",\"target\":[\"https:\\\/\\\/www.curalab.polimi.it\\\/?page_id=225\"]}]},{\"@type\":\"ImageObject\",\"inLanguage\":\"en-US\",\"@id\":\"https:\\\/\\\/www.curalab.polimi.it\\\/?page_id=225#primaryimage\",\"url\":\"http:\\\/\\\/www.curalab.polimi.it\\\/wp-content\\\/uploads\\\/2024\\\/05\\\/Abitare-San-Siro-1-225x300.jpg\",\"contentUrl\":\"http:\\\/\\\/www.curalab.polimi.it\\\/wp-content\\\/uploads\\\/2024\\\/05\\\/Abitare-San-Siro-1-225x300.jpg\"},{\"@type\":\"BreadcrumbList\",\"@id\":\"https:\\\/\\\/www.curalab.polimi.it\\\/?page_id=225#breadcrumb\",\"itemListElement\":[{\"@type\":\"ListItem\",\"position\":1,\"name\":\"Home\",\"item\":\"https:\\\/\\\/www.curalab.polimi.it\\\/\"},{\"@type\":\"ListItem\",\"position\":2,\"name\":\"Collaborative Research &#8211; Abitare a San Siro\"}]},{\"@type\":\"WebSite\",\"@id\":\"https:\\\/\\\/www.curalab.polimi.it\\\/#website\",\"url\":\"https:\\\/\\\/www.curalab.polimi.it\\\/\",\"name\":\"CURA Lab\",\"description\":\"Dipartimento di Architettura e Studi Urbani, Politecnico di Milano -                           Dipartimento di Scienze Umane per la Formazione &quot;Riccardo Massa&quot;,           Universit\u00e0 degli Studi di Milano Bicocca\",\"publisher\":{\"@id\":\"https:\\\/\\\/www.curalab.polimi.it\\\/#organization\"},\"potentialAction\":[{\"@type\":\"SearchAction\",\"target\":{\"@type\":\"EntryPoint\",\"urlTemplate\":\"https:\\\/\\\/www.curalab.polimi.it\\\/?s={search_term_string}\"},\"query-input\":{\"@type\":\"PropertyValueSpecification\",\"valueRequired\":true,\"valueName\":\"search_term_string\"}}],\"inLanguage\":\"en-US\"},{\"@type\":\"Organization\",\"@id\":\"https:\\\/\\\/www.curalab.polimi.it\\\/#organization\",\"name\":\"CURA Lab\",\"url\":\"https:\\\/\\\/www.curalab.polimi.it\\\/\",\"logo\":{\"@type\":\"ImageObject\",\"inLanguage\":\"en-US\",\"@id\":\"https:\\\/\\\/www.curalab.polimi.it\\\/#\\\/schema\\\/logo\\\/image\\\/\",\"url\":\"https:\\\/\\\/www.curalab.polimi.it\\\/wp-content\\\/uploads\\\/2024\\\/07\\\/cropped-logocuralab2.png\",\"contentUrl\":\"https:\\\/\\\/www.curalab.polimi.it\\\/wp-content\\\/uploads\\\/2024\\\/07\\\/cropped-logocuralab2.png\",\"width\":240,\"height\":112,\"caption\":\"CURA Lab\"},\"image\":{\"@id\":\"https:\\\/\\\/www.curalab.polimi.it\\\/#\\\/schema\\\/logo\\\/image\\\/\"}}]}<\/script>\n<!-- \/ Yoast SEO plugin. -->","yoast_head_json":{"title":"Collaborative Research - Abitare a San Siro - CURA Lab","robots":{"index":"index","follow":"follow","max-snippet":"max-snippet:-1","max-image-preview":"max-image-preview:large","max-video-preview":"max-video-preview:-1"},"canonical":"https:\/\/www.curalab.polimi.it\/?page_id=225","og_locale":"en_US","og_type":"article","og_title":"Collaborative Research - Abitare a San Siro - CURA Lab","og_description":"Abitare San Siro.Una co-ricerca sulle condizioni abitative nel quartiere Erp San Siro Abitare San Siro.Una co-ricerca sulle condizioni abitative nel quartiere Erp San Siro In collaborazione con Sicet Milano, MaudLab &#8211; Mapping and Urban Data Lab \u2013 DAStU Politecnico di Milano In rete con Associazione Alfabeti Onlus, Associazione Scomodo, CISL FNP Milano Metropoli, Clinica Legale &hellip; Continue reading \"Collaborative Research &#8211; Abitare a San Siro\"","og_url":"https:\/\/www.curalab.polimi.it\/?page_id=225","og_site_name":"CURA Lab","article_modified_time":"2025-02-11T21:27:12+00:00","og_image":[{"width":1920,"height":2560,"url":"https:\/\/www.curalab.polimi.it\/wp-content\/uploads\/2024\/05\/Abitare-San-Siro-1-scaled.jpg","type":"image\/jpeg"}],"twitter_card":"summary_large_image","twitter_misc":{"Est. reading time":"3 minutes"},"schema":{"@context":"https:\/\/schema.org","@graph":[{"@type":"WebPage","@id":"https:\/\/www.curalab.polimi.it\/?page_id=225","url":"https:\/\/www.curalab.polimi.it\/?page_id=225","name":"Collaborative Research - Abitare a San Siro - CURA Lab","isPartOf":{"@id":"https:\/\/www.curalab.polimi.it\/#website"},"primaryImageOfPage":{"@id":"https:\/\/www.curalab.polimi.it\/?page_id=225#primaryimage"},"image":{"@id":"https:\/\/www.curalab.polimi.it\/?page_id=225#primaryimage"},"thumbnailUrl":"http:\/\/www.curalab.polimi.it\/wp-content\/uploads\/2024\/05\/Abitare-San-Siro-1-225x300.jpg","datePublished":"2024-03-31T20:06:19+00:00","dateModified":"2025-02-11T21:27:12+00:00","breadcrumb":{"@id":"https:\/\/www.curalab.polimi.it\/?page_id=225#breadcrumb"},"inLanguage":"en-US","potentialAction":[{"@type":"ReadAction","target":["https:\/\/www.curalab.polimi.it\/?page_id=225"]}]},{"@type":"ImageObject","inLanguage":"en-US","@id":"https:\/\/www.curalab.polimi.it\/?page_id=225#primaryimage","url":"http:\/\/www.curalab.polimi.it\/wp-content\/uploads\/2024\/05\/Abitare-San-Siro-1-225x300.jpg","contentUrl":"http:\/\/www.curalab.polimi.it\/wp-content\/uploads\/2024\/05\/Abitare-San-Siro-1-225x300.jpg"},{"@type":"BreadcrumbList","@id":"https:\/\/www.curalab.polimi.it\/?page_id=225#breadcrumb","itemListElement":[{"@type":"ListItem","position":1,"name":"Home","item":"https:\/\/www.curalab.polimi.it\/"},{"@type":"ListItem","position":2,"name":"Collaborative Research &#8211; Abitare a San Siro"}]},{"@type":"WebSite","@id":"https:\/\/www.curalab.polimi.it\/#website","url":"https:\/\/www.curalab.polimi.it\/","name":"CURA Lab","description":"Dipartimento di Architettura e Studi Urbani, Politecnico di Milano -                           Dipartimento di Scienze Umane per la Formazione &quot;Riccardo Massa&quot;,           Universit\u00e0 degli Studi di Milano Bicocca","publisher":{"@id":"https:\/\/www.curalab.polimi.it\/#organization"},"potentialAction":[{"@type":"SearchAction","target":{"@type":"EntryPoint","urlTemplate":"https:\/\/www.curalab.polimi.it\/?s={search_term_string}"},"query-input":{"@type":"PropertyValueSpecification","valueRequired":true,"valueName":"search_term_string"}}],"inLanguage":"en-US"},{"@type":"Organization","@id":"https:\/\/www.curalab.polimi.it\/#organization","name":"CURA Lab","url":"https:\/\/www.curalab.polimi.it\/","logo":{"@type":"ImageObject","inLanguage":"en-US","@id":"https:\/\/www.curalab.polimi.it\/#\/schema\/logo\/image\/","url":"https:\/\/www.curalab.polimi.it\/wp-content\/uploads\/2024\/07\/cropped-logocuralab2.png","contentUrl":"https:\/\/www.curalab.polimi.it\/wp-content\/uploads\/2024\/07\/cropped-logocuralab2.png","width":240,"height":112,"caption":"CURA Lab"},"image":{"@id":"https:\/\/www.curalab.polimi.it\/#\/schema\/logo\/image\/"}}]}},"_links":{"self":[{"href":"https:\/\/www.curalab.polimi.it\/index.php?rest_route=\/wp\/v2\/pages\/225","targetHints":{"allow":["GET"]}}],"collection":[{"href":"https:\/\/www.curalab.polimi.it\/index.php?rest_route=\/wp\/v2\/pages"}],"about":[{"href":"https:\/\/www.curalab.polimi.it\/index.php?rest_route=\/wp\/v2\/types\/page"}],"author":[{"embeddable":true,"href":"https:\/\/www.curalab.polimi.it\/index.php?rest_route=\/wp\/v2\/users\/8"}],"replies":[{"embeddable":true,"href":"https:\/\/www.curalab.polimi.it\/index.php?rest_route=%2Fwp%2Fv2%2Fcomments&post=225"}],"version-history":[{"count":527,"href":"https:\/\/www.curalab.polimi.it\/index.php?rest_route=\/wp\/v2\/pages\/225\/revisions"}],"predecessor-version":[{"id":6648,"href":"https:\/\/www.curalab.polimi.it\/index.php?rest_route=\/wp\/v2\/pages\/225\/revisions\/6648"}],"wp:attachment":[{"href":"https:\/\/www.curalab.polimi.it\/index.php?rest_route=%2Fwp%2Fv2%2Fmedia&parent=225"}],"curies":[{"name":"wp","href":"https:\/\/api.w.org\/{rel}","templated":true}]}}