{"id":1801,"date":"2024-06-08T12:11:05","date_gmt":"2024-06-08T12:11:05","guid":{"rendered":"https:\/\/www.curalab.polimi.it\/?page_id=1801"},"modified":"2024-12-08T19:28:38","modified_gmt":"2024-12-08T19:28:38","slug":"collaborative-research-women-for-integration-from-neighborhoods-to-europe","status":"publish","type":"page","link":"https:\/\/www.curalab.polimi.it\/?page_id=1801","title":{"rendered":"Collaborative research &#8211; Women for integration \u2013 from neighborhoods to Europe"},"content":{"rendered":"\t\t<div data-elementor-type=\"wp-page\" data-elementor-id=\"1801\" class=\"elementor elementor-1801\">\n\t\t\t\t<div class=\"elementor-element elementor-element-365b647 elementor-hidden-desktop e-flex e-con-boxed e-con e-parent\" data-id=\"365b647\" data-element_type=\"container\" data-e-type=\"container\">\n\t\t\t\t\t<div class=\"e-con-inner\">\n\t\t\t\t<div class=\"elementor-element elementor-element-360fe84 elementor-widget-tablet__width-initial elementor-widget__width-initial elementor-widget elementor-widget-text-editor\" data-id=\"360fe84\" data-element_type=\"widget\" data-e-type=\"widget\" data-widget_type=\"text-editor.default\">\n\t\t\t\t<div class=\"elementor-widget-container\">\n\t\t\t\t\t\t\t\t\t<p><strong>Women for integration \u2013 from neighborhoods to Europe<\/strong><\/p>\t\t\t\t\t\t\t\t<\/div>\n\t\t\t\t<\/div>\n\t\t\t\t\t<\/div>\n\t\t\t\t<\/div>\n\t\t<div class=\"elementor-element elementor-element-24adec9 e-grid elementor-hidden-tablet elementor-hidden-mobile elementor-hidden-laptop e-con-boxed e-con e-parent\" data-id=\"24adec9\" data-element_type=\"container\" data-e-type=\"container\">\n\t\t\t\t\t<div class=\"e-con-inner\">\n\t\t<div class=\"elementor-element elementor-element-f501bd2 e-flex e-con-boxed e-con e-child\" data-id=\"f501bd2\" data-element_type=\"container\" data-e-type=\"container\">\n\t\t\t\t\t<div class=\"e-con-inner\">\n\t\t\t\t<div class=\"elementor-element elementor-element-b97fc87 elementor-widget-tablet__width-initial elementor-widget__width-initial elementor-widget elementor-widget-text-editor\" data-id=\"b97fc87\" data-element_type=\"widget\" data-e-type=\"widget\" data-widget_type=\"text-editor.default\">\n\t\t\t\t<div class=\"elementor-widget-container\">\n\t\t\t\t\t\t\t\t\t<p><strong>Women for integration \u2013 from neighborhoods to Europe<\/strong><\/p>\t\t\t\t\t\t\t\t<\/div>\n\t\t\t\t<\/div>\n\t\t\t\t<div class=\"elementor-element elementor-element-abb5165 elementor-widget elementor-widget-text-editor\" data-id=\"abb5165\" data-element_type=\"widget\" data-e-type=\"widget\" data-widget_type=\"text-editor.default\">\n\t\t\t\t<div class=\"elementor-widget-container\">\n\t\t\t\t\t\t\t\t\t<p>Finanziato da: <em>Asylum, Migration and Integration Fund (AMIF), istituito per il periodo 2021-2027<br \/><\/em>Partners del progetto: <em>Fondazione Soleterre (capofila), DASTU &#8211; Politecnico di Milano, ass. Telaio delle Arti, Ass. Piano C, Comune di Milano, Malm\u00f6 University, Yalla Trappan, Netwerkpro, Fundaci\u00f2 SURT<br \/><\/em>Periodo: <em>2021-2023<\/em><\/p><p>Il progetto riunisce una rete internazionale di organizzazioni e universit\u00e0 attive in quattro quartieri ad alta concentrazione di popolazione migrante nelle citt\u00e0 di Milano, Malm\u00f6, Barcellona e Amsterdam, con l\u2019obiettivo di identificare strumenti di intervento a scala di quartiere per l\u2019inclusione sociale e lavorativa di donne di origine straniera combinando un approccio di intervento \u201cplace-based\u201d con uno intersezionale sensibile alla condizione di genere.<\/p><p>Scarica il report della ricerca qui: <span style=\"color: #33cccc;\"><a style=\"color: #33cccc;\" href=\"https:\/\/re.public.polimi.it\/retrieve\/ccceeeca-114c-4140-aec7-2ad5a5366d5c\/2023_Alwall%20Cognetti%20Ranzini_Women%20for%20Integration_compressed.pdf\">link<\/a><\/span><\/p>\t\t\t\t\t\t\t\t<\/div>\n\t\t\t\t<\/div>\n\t\t\t\t\t<\/div>\n\t\t\t\t<\/div>\n\t\t\t\t<div class=\"elementor-element elementor-element-73a4d64 elementor-widget elementor-widget-image\" data-id=\"73a4d64\" data-element_type=\"widget\" data-e-type=\"widget\" data-widget_type=\"image.default\">\n\t\t\t\t<div class=\"elementor-widget-container\">\n\t\t\t\t\t\t\t\t\t\t\t\t\t\t\t<img fetchpriority=\"high\" decoding=\"async\" width=\"768\" height=\"1024\" src=\"https:\/\/www.curalab.polimi.it\/wp-content\/uploads\/2024\/05\/WIN-768x1024.jpg\" class=\"attachment-large size-large wp-image-1358\" alt=\"\" srcset=\"https:\/\/www.curalab.polimi.it\/wp-content\/uploads\/2024\/05\/WIN-768x1024.jpg 768w, https:\/\/www.curalab.polimi.it\/wp-content\/uploads\/2024\/05\/WIN-225x300.jpg 225w, https:\/\/www.curalab.polimi.it\/wp-content\/uploads\/2024\/05\/WIN-1152x1536.jpg 1152w, https:\/\/www.curalab.polimi.it\/wp-content\/uploads\/2024\/05\/WIN-1536x2048.jpg 1536w, https:\/\/www.curalab.polimi.it\/wp-content\/uploads\/2024\/05\/WIN-1200x1600.jpg 1200w, https:\/\/www.curalab.polimi.it\/wp-content\/uploads\/2024\/05\/WIN-scaled.jpg 1920w\" sizes=\"(max-width: 768px) 85vw, 768px\" \/>\t\t\t\t\t\t\t\t\t\t\t\t\t\t\t<\/div>\n\t\t\t\t<\/div>\n\t\t\t\t\t<\/div>\n\t\t\t\t<\/div>\n\t\t<div class=\"elementor-element elementor-element-1983c6d elementor-hidden-desktop e-flex e-con-boxed e-con e-parent\" data-id=\"1983c6d\" data-element_type=\"container\" data-e-type=\"container\">\n\t\t\t\t\t<div class=\"e-con-inner\">\n\t\t\t\t<div class=\"elementor-element elementor-element-2e70948 elementor-widget elementor-widget-text-editor\" data-id=\"2e70948\" data-element_type=\"widget\" data-e-type=\"widget\" data-widget_type=\"text-editor.default\">\n\t\t\t\t<div class=\"elementor-widget-container\">\n\t\t\t\t\t\t\t\t\t<p>Finanziato da:\u00a0<em>Asylum, Migration and Integration Fund (AMIF), istituito per il periodo 2021-2027<\/em><\/p><p>Partners del progetto:\u00a0<em>Fondazione Soleterre (capofila), DASTU &#8211; Politecnico di Milano, ass. Telaio delle Arti, Ass. Piano C, Comune di Milano, Malm\u00f6 University, Yalla Trappan, Netwerkpro, Fundaci\u00f2 SURT<\/em><\/p><p>Periodo:\u00a0<em>2021-2023<\/em><\/p><p>Il progetto riunisce una rete internazionale di organizzazioni e universit\u00e0 attive in quattro quartieri ad alta concentrazione di popolazione migrante nelle citt\u00e0 di Milano, Malm\u00f6, Barcellona e Amsterdam, con l\u2019obiettivo di identificare strumenti di intervento a scala di quartiere per l\u2019inclusione sociale e lavorativa di donne di origine straniera combinando un approccio di intervento \u201cplace-based\u201d con uno intersezionale sensibile alla condizione di genere.<\/p><p>Scarica il report della ricerca qui: <a href=\"https:\/\/re.public.polimi.it\/retrieve\/ccceeeca-114c-4140-aec7-2ad5a5366d5c\/2023_Alwall%20Cognetti%20Ranzini_Women%20for%20Integration_compressed.pdf\"><span style=\"color: #00ccff;\">link<\/span><\/a><\/p>\t\t\t\t\t\t\t\t<\/div>\n\t\t\t\t<\/div>\n\t\t<div class=\"elementor-element elementor-element-cdab10c e-con-full e-flex e-con e-child\" data-id=\"cdab10c\" data-element_type=\"container\" data-e-type=\"container\">\n\t\t\t\t<div class=\"elementor-element elementor-element-4423148 elementor-widget elementor-widget-image\" data-id=\"4423148\" data-element_type=\"widget\" data-e-type=\"widget\" data-widget_type=\"image.default\">\n\t\t\t\t<div class=\"elementor-widget-container\">\n\t\t\t\t\t\t\t\t\t\t\t\t\t\t\t<img decoding=\"async\" width=\"768\" height=\"614\" src=\"https:\/\/www.curalab.polimi.it\/wp-content\/uploads\/2024\/06\/WIN-768x614.jpg\" class=\"attachment-medium_large size-medium_large wp-image-2108\" alt=\"\" srcset=\"https:\/\/www.curalab.polimi.it\/wp-content\/uploads\/2024\/06\/WIN-768x614.jpg 768w, https:\/\/www.curalab.polimi.it\/wp-content\/uploads\/2024\/06\/WIN-300x240.jpg 300w, https:\/\/www.curalab.polimi.it\/wp-content\/uploads\/2024\/06\/WIN-1024x819.jpg 1024w, https:\/\/www.curalab.polimi.it\/wp-content\/uploads\/2024\/06\/WIN-1536x1229.jpg 1536w, https:\/\/www.curalab.polimi.it\/wp-content\/uploads\/2024\/06\/WIN-2048x1638.jpg 2048w, https:\/\/www.curalab.polimi.it\/wp-content\/uploads\/2024\/06\/WIN-1200x960.jpg 1200w, https:\/\/www.curalab.polimi.it\/wp-content\/uploads\/2024\/06\/elementor\/thumbs\/WIN-scaled-qqdzbhlh5x1oafuefd28s2ebb02qp79efz1x6eldrk.jpg 750w\" sizes=\"(max-width: 768px) 85vw, 768px\" \/>\t\t\t\t\t\t\t\t\t\t\t\t\t\t\t<\/div>\n\t\t\t\t<\/div>\n\t\t\t\t<\/div>\n\t\t\t\t\t<\/div>\n\t\t\t\t<\/div>\n\t\t\t\t<\/div>\n\t\t","protected":false},"excerpt":{"rendered":"<p>Women for integration \u2013 from neighborhoods to Europe Women for integration \u2013 from neighborhoods to Europe Finanziato da: Asylum, Migration and Integration Fund (AMIF), istituito per il periodo 2021-2027Partners del progetto: Fondazione Soleterre (capofila), DASTU &#8211; Politecnico di Milano, ass. Telaio delle Arti, Ass. Piano C, Comune di Milano, Malm\u00f6 University, Yalla Trappan, Netwerkpro, Fundaci\u00f2 &hellip; <a href=\"https:\/\/www.curalab.polimi.it\/?page_id=1801\" class=\"more-link\">Continue reading<span class=\"screen-reader-text\"> &#8220;Collaborative research &#8211; Women for integration \u2013 from neighborhoods to Europe&#8221;<\/span><\/a><\/p>\n","protected":false},"author":12,"featured_media":0,"parent":0,"menu_order":0,"comment_status":"closed","ping_status":"closed","template":"elementor_header_footer","meta":{"footnotes":""},"class_list":["post-1801","page","type-page","status-publish","hentry"],"yoast_head":"<!-- This site is optimized with the Yoast SEO plugin v27.4 - https:\/\/yoast.com\/product\/yoast-seo-wordpress\/ -->\n<title>Collaborative research - Women for integration \u2013 from neighborhoods to Europe - CURA Lab<\/title>\n<meta name=\"robots\" content=\"index, follow, max-snippet:-1, max-image-preview:large, max-video-preview:-1\" \/>\n<link rel=\"canonical\" href=\"https:\/\/www.curalab.polimi.it\/?page_id=1801\" \/>\n<meta property=\"og:locale\" content=\"en_US\" \/>\n<meta property=\"og:type\" content=\"article\" \/>\n<meta property=\"og:title\" content=\"Collaborative research - Women for integration \u2013 from neighborhoods to Europe - CURA Lab\" \/>\n<meta property=\"og:description\" content=\"Women for integration \u2013 from neighborhoods to Europe Women for integration \u2013 from neighborhoods to Europe Finanziato da: Asylum, Migration and Integration Fund (AMIF), istituito per il periodo 2021-2027Partners del progetto: Fondazione Soleterre (capofila), DASTU &#8211; Politecnico di Milano, ass. Telaio delle Arti, Ass. Piano C, Comune di Milano, Malm\u00f6 University, Yalla Trappan, Netwerkpro, Fundaci\u00f2 &hellip; Continue reading &quot;Collaborative research &#8211; Women for integration \u2013 from neighborhoods to Europe&quot;\" \/>\n<meta property=\"og:url\" content=\"https:\/\/www.curalab.polimi.it\/?page_id=1801\" \/>\n<meta property=\"og:site_name\" content=\"CURA Lab\" \/>\n<meta property=\"article:modified_time\" content=\"2024-12-08T19:28:38+00:00\" \/>\n<meta property=\"og:image\" content=\"https:\/\/www.curalab.polimi.it\/wp-content\/uploads\/2024\/05\/WIN-scaled.jpg\" \/>\n\t<meta property=\"og:image:width\" content=\"1920\" \/>\n\t<meta property=\"og:image:height\" content=\"2560\" \/>\n\t<meta property=\"og:image:type\" content=\"image\/jpeg\" \/>\n<meta name=\"twitter:card\" content=\"summary_large_image\" \/>\n<meta name=\"twitter:label1\" content=\"Est. reading time\" \/>\n\t<meta name=\"twitter:data1\" content=\"2 minutes\" \/>\n<script type=\"application\/ld+json\" class=\"yoast-schema-graph\">{\"@context\":\"https:\\\/\\\/schema.org\",\"@graph\":[{\"@type\":\"WebPage\",\"@id\":\"https:\\\/\\\/www.curalab.polimi.it\\\/?page_id=1801\",\"url\":\"https:\\\/\\\/www.curalab.polimi.it\\\/?page_id=1801\",\"name\":\"Collaborative research - Women for integration \u2013 from neighborhoods to Europe - CURA Lab\",\"isPartOf\":{\"@id\":\"https:\\\/\\\/www.curalab.polimi.it\\\/#website\"},\"primaryImageOfPage\":{\"@id\":\"https:\\\/\\\/www.curalab.polimi.it\\\/?page_id=1801#primaryimage\"},\"image\":{\"@id\":\"https:\\\/\\\/www.curalab.polimi.it\\\/?page_id=1801#primaryimage\"},\"thumbnailUrl\":\"http:\\\/\\\/www.curalab.polimi.it\\\/wp-content\\\/uploads\\\/2024\\\/05\\\/WIN-768x1024.jpg\",\"datePublished\":\"2024-06-08T12:11:05+00:00\",\"dateModified\":\"2024-12-08T19:28:38+00:00\",\"breadcrumb\":{\"@id\":\"https:\\\/\\\/www.curalab.polimi.it\\\/?page_id=1801#breadcrumb\"},\"inLanguage\":\"en-US\",\"potentialAction\":[{\"@type\":\"ReadAction\",\"target\":[\"https:\\\/\\\/www.curalab.polimi.it\\\/?page_id=1801\"]}]},{\"@type\":\"ImageObject\",\"inLanguage\":\"en-US\",\"@id\":\"https:\\\/\\\/www.curalab.polimi.it\\\/?page_id=1801#primaryimage\",\"url\":\"http:\\\/\\\/www.curalab.polimi.it\\\/wp-content\\\/uploads\\\/2024\\\/05\\\/WIN-768x1024.jpg\",\"contentUrl\":\"http:\\\/\\\/www.curalab.polimi.it\\\/wp-content\\\/uploads\\\/2024\\\/05\\\/WIN-768x1024.jpg\"},{\"@type\":\"BreadcrumbList\",\"@id\":\"https:\\\/\\\/www.curalab.polimi.it\\\/?page_id=1801#breadcrumb\",\"itemListElement\":[{\"@type\":\"ListItem\",\"position\":1,\"name\":\"Home\",\"item\":\"https:\\\/\\\/www.curalab.polimi.it\\\/\"},{\"@type\":\"ListItem\",\"position\":2,\"name\":\"Collaborative research &#8211; Women for integration \u2013 from neighborhoods to Europe\"}]},{\"@type\":\"WebSite\",\"@id\":\"https:\\\/\\\/www.curalab.polimi.it\\\/#website\",\"url\":\"https:\\\/\\\/www.curalab.polimi.it\\\/\",\"name\":\"CURA Lab\",\"description\":\"Dipartimento di Architettura e Studi Urbani, Politecnico di Milano -                           Dipartimento di Scienze Umane per la Formazione &quot;Riccardo Massa&quot;,           Universit\u00e0 degli Studi di Milano Bicocca\",\"publisher\":{\"@id\":\"https:\\\/\\\/www.curalab.polimi.it\\\/#organization\"},\"potentialAction\":[{\"@type\":\"SearchAction\",\"target\":{\"@type\":\"EntryPoint\",\"urlTemplate\":\"https:\\\/\\\/www.curalab.polimi.it\\\/?s={search_term_string}\"},\"query-input\":{\"@type\":\"PropertyValueSpecification\",\"valueRequired\":true,\"valueName\":\"search_term_string\"}}],\"inLanguage\":\"en-US\"},{\"@type\":\"Organization\",\"@id\":\"https:\\\/\\\/www.curalab.polimi.it\\\/#organization\",\"name\":\"CURA Lab\",\"url\":\"https:\\\/\\\/www.curalab.polimi.it\\\/\",\"logo\":{\"@type\":\"ImageObject\",\"inLanguage\":\"en-US\",\"@id\":\"https:\\\/\\\/www.curalab.polimi.it\\\/#\\\/schema\\\/logo\\\/image\\\/\",\"url\":\"https:\\\/\\\/www.curalab.polimi.it\\\/wp-content\\\/uploads\\\/2024\\\/07\\\/cropped-logocuralab2.png\",\"contentUrl\":\"https:\\\/\\\/www.curalab.polimi.it\\\/wp-content\\\/uploads\\\/2024\\\/07\\\/cropped-logocuralab2.png\",\"width\":240,\"height\":112,\"caption\":\"CURA Lab\"},\"image\":{\"@id\":\"https:\\\/\\\/www.curalab.polimi.it\\\/#\\\/schema\\\/logo\\\/image\\\/\"}}]}<\/script>\n<!-- \/ Yoast SEO plugin. -->","yoast_head_json":{"title":"Collaborative research - Women for integration \u2013 from neighborhoods to Europe - CURA Lab","robots":{"index":"index","follow":"follow","max-snippet":"max-snippet:-1","max-image-preview":"max-image-preview:large","max-video-preview":"max-video-preview:-1"},"canonical":"https:\/\/www.curalab.polimi.it\/?page_id=1801","og_locale":"en_US","og_type":"article","og_title":"Collaborative research - Women for integration \u2013 from neighborhoods to Europe - CURA Lab","og_description":"Women for integration \u2013 from neighborhoods to Europe Women for integration \u2013 from neighborhoods to Europe Finanziato da: Asylum, Migration and Integration Fund (AMIF), istituito per il periodo 2021-2027Partners del progetto: Fondazione Soleterre (capofila), DASTU &#8211; Politecnico di Milano, ass. Telaio delle Arti, Ass. Piano C, Comune di Milano, Malm\u00f6 University, Yalla Trappan, Netwerkpro, Fundaci\u00f2 &hellip; Continue reading \"Collaborative research &#8211; Women for integration \u2013 from neighborhoods to Europe\"","og_url":"https:\/\/www.curalab.polimi.it\/?page_id=1801","og_site_name":"CURA Lab","article_modified_time":"2024-12-08T19:28:38+00:00","og_image":[{"width":1920,"height":2560,"url":"https:\/\/www.curalab.polimi.it\/wp-content\/uploads\/2024\/05\/WIN-scaled.jpg","type":"image\/jpeg"}],"twitter_card":"summary_large_image","twitter_misc":{"Est. reading time":"2 minutes"},"schema":{"@context":"https:\/\/schema.org","@graph":[{"@type":"WebPage","@id":"https:\/\/www.curalab.polimi.it\/?page_id=1801","url":"https:\/\/www.curalab.polimi.it\/?page_id=1801","name":"Collaborative research - Women for integration \u2013 from neighborhoods to Europe - CURA Lab","isPartOf":{"@id":"https:\/\/www.curalab.polimi.it\/#website"},"primaryImageOfPage":{"@id":"https:\/\/www.curalab.polimi.it\/?page_id=1801#primaryimage"},"image":{"@id":"https:\/\/www.curalab.polimi.it\/?page_id=1801#primaryimage"},"thumbnailUrl":"http:\/\/www.curalab.polimi.it\/wp-content\/uploads\/2024\/05\/WIN-768x1024.jpg","datePublished":"2024-06-08T12:11:05+00:00","dateModified":"2024-12-08T19:28:38+00:00","breadcrumb":{"@id":"https:\/\/www.curalab.polimi.it\/?page_id=1801#breadcrumb"},"inLanguage":"en-US","potentialAction":[{"@type":"ReadAction","target":["https:\/\/www.curalab.polimi.it\/?page_id=1801"]}]},{"@type":"ImageObject","inLanguage":"en-US","@id":"https:\/\/www.curalab.polimi.it\/?page_id=1801#primaryimage","url":"http:\/\/www.curalab.polimi.it\/wp-content\/uploads\/2024\/05\/WIN-768x1024.jpg","contentUrl":"http:\/\/www.curalab.polimi.it\/wp-content\/uploads\/2024\/05\/WIN-768x1024.jpg"},{"@type":"BreadcrumbList","@id":"https:\/\/www.curalab.polimi.it\/?page_id=1801#breadcrumb","itemListElement":[{"@type":"ListItem","position":1,"name":"Home","item":"https:\/\/www.curalab.polimi.it\/"},{"@type":"ListItem","position":2,"name":"Collaborative research &#8211; Women for integration \u2013 from neighborhoods to Europe"}]},{"@type":"WebSite","@id":"https:\/\/www.curalab.polimi.it\/#website","url":"https:\/\/www.curalab.polimi.it\/","name":"CURA Lab","description":"Dipartimento di Architettura e Studi Urbani, Politecnico di Milano -                           Dipartimento di Scienze Umane per la Formazione &quot;Riccardo Massa&quot;,           Universit\u00e0 degli Studi di Milano Bicocca","publisher":{"@id":"https:\/\/www.curalab.polimi.it\/#organization"},"potentialAction":[{"@type":"SearchAction","target":{"@type":"EntryPoint","urlTemplate":"https:\/\/www.curalab.polimi.it\/?s={search_term_string}"},"query-input":{"@type":"PropertyValueSpecification","valueRequired":true,"valueName":"search_term_string"}}],"inLanguage":"en-US"},{"@type":"Organization","@id":"https:\/\/www.curalab.polimi.it\/#organization","name":"CURA Lab","url":"https:\/\/www.curalab.polimi.it\/","logo":{"@type":"ImageObject","inLanguage":"en-US","@id":"https:\/\/www.curalab.polimi.it\/#\/schema\/logo\/image\/","url":"https:\/\/www.curalab.polimi.it\/wp-content\/uploads\/2024\/07\/cropped-logocuralab2.png","contentUrl":"https:\/\/www.curalab.polimi.it\/wp-content\/uploads\/2024\/07\/cropped-logocuralab2.png","width":240,"height":112,"caption":"CURA Lab"},"image":{"@id":"https:\/\/www.curalab.polimi.it\/#\/schema\/logo\/image\/"}}]}},"_links":{"self":[{"href":"https:\/\/www.curalab.polimi.it\/index.php?rest_route=\/wp\/v2\/pages\/1801","targetHints":{"allow":["GET"]}}],"collection":[{"href":"https:\/\/www.curalab.polimi.it\/index.php?rest_route=\/wp\/v2\/pages"}],"about":[{"href":"https:\/\/www.curalab.polimi.it\/index.php?rest_route=\/wp\/v2\/types\/page"}],"author":[{"embeddable":true,"href":"https:\/\/www.curalab.polimi.it\/index.php?rest_route=\/wp\/v2\/users\/12"}],"replies":[{"embeddable":true,"href":"https:\/\/www.curalab.polimi.it\/index.php?rest_route=%2Fwp%2Fv2%2Fcomments&post=1801"}],"version-history":[{"count":79,"href":"https:\/\/www.curalab.polimi.it\/index.php?rest_route=\/wp\/v2\/pages\/1801\/revisions"}],"predecessor-version":[{"id":6323,"href":"https:\/\/www.curalab.polimi.it\/index.php?rest_route=\/wp\/v2\/pages\/1801\/revisions\/6323"}],"wp:attachment":[{"href":"https:\/\/www.curalab.polimi.it\/index.php?rest_route=%2Fwp%2Fv2%2Fmedia&parent=1801"}],"curies":[{"name":"wp","href":"https:\/\/api.w.org\/{rel}","templated":true}]}}